/home3/bmscom/access-logs/yahya.bms69.com-ssl_log
64.31.22.34 - - [12/Mar/2026:13:38:54 +0000] "POST /wp-cron.php?doing_wp_cron=1773322734.0639910697937011718750 HTTP/1.1" 200 0 "-" "WordPress/6.9.3; https://yahya.bms69.com"
64.31.22.34 - - [12/Mar/2026:13:39:24 +0000] "POST /wp-cron.php?doing_wp_cron=1773322764.9592130184173583984375 HTTP/1.1" 200 0 "-" "WordPress/6.9.3; https://yahya.bms69.com"
64.31.22.34 - - [12/Mar/2026:13:39:38 +0000] "POST /wp-admin/upgrade.php?step=upgrade_db HTTP/1.1" 200 21 "-" "WordPress/6.9.3; https://yahya.bms69.com"
64.31.22.34 - - [12/Mar/2026:13:39:23 +0000] "HEAD / HTTP/1.1" 200 0 "-" "-"
64.31.22.34 - - [12/Mar/2026:13:39:44 +0000] "HEAD / HTTP/1.1" 200 0 "-" "-"
64.31.22.34 - - [12/Mar/2026:13:39:48 +0000] "POST /wp-cron.php?doing_wp_cron=1773322788.4404020309448242187500 HTTP/1.1" 200 0 "-" "WordPress/6.9.4; https://yahya.bms69.com"
64.31.22.34 - - [12/Mar/2026:15:09:33 +0000] "POST /wp-cron.php?doing_wp_cron=1773328173.8513190746307373046875 HTTP/1.1" 200 0 "-" "WordPress/6.9.4; https://yahya.bms69.com"
64.31.22.34 - - [12/Mar/2026:16:58:12 +0000] "POST /wp-cron.php?doing_wp_cron=1773334692.7728970050811767578125 HTTP/1.1" 200 0 "-" "WordPress/6.9.4; https://yahya.bms69.com"
74.7.230.51 - - [12/Mar/2026:16:58:06 +0000] "GET /robots.txt HTTP/2" 200 126 "-" "Mozilla/5.0 (Macintosh; Intel Mac OS X 10_15_7) AppleWebKit/537.36 (KHTML, like Gecko) Chrome/131.0.0.0 Safari/537.36; compatible; OAI-SearchBot/1.3; robots.txt; +https://openai.com/searchbot"
64.31.22.34 - - [12/Mar/2026:16:58:14 +0000] "POST /wp-admin/admin-ajax.php?action=wp_1_wc_privacy_cleanup&nonce=f86f3bff62 HTTP/1.1" 200 0 "-" "WordPress/6.9.4; https://yahya.bms69.com"
64.31.22.34 - - [12/Mar/2026:16:58:18 +0000] "POST /wp-cron.php?doing_wp_cron=1773334698.0697569847106933593750 HTTP/1.1" 200 0 "-" "WordPress/6.9.4; https://yahya.bms69.com"
64.31.22.34 - - [12/Mar/2026:16:58:15 +0000] "POST /wp-admin/admin-ajax.php?action=wp_1_wc_privacy_cleanup&nonce=f86f3bff62 HTTP/1.1" 200 0 "-" "WordPress/6.9.4; https://yahya.bms69.com"
64.31.22.34 - - [12/Mar/2026:16:58:18 +0000] "POST /wp-admin/admin-ajax.php?action=wp_1_wc_privacy_cleanup&nonce=f86f3bff62 HTTP/1.1" 200 0 "-" "WordPress/6.9.4; https://yahya.bms69.com"
74.7.227.47 - - [12/Mar/2026:17:05:28 +0000] "GET /sitemaps.xml HTTP/2" 200 238 "-" "Mozilla/5.0 AppleWebKit/537.36 (KHTML, like Gecko; compatible; GPTBot/1.3; +https://openai.com/gptbot)"
64.31.22.34 - - [12/Mar/2026:16:58:12 +0000] "POST /wp-cron.php?doing_wp_cron=1773334692.7490808963775634765625 HTTP/1.1" 200 0 "-" "WordPress/6.9.4; https://yahya.bms69.com"
64.31.22.34 - - [12/Mar/2026:16:58:17 +0000] "POST /wp-admin/admin-ajax.php?action=wp_1_wc_privacy_cleanup&nonce=f86f3bff62 HTTP/1.1" 200 0 "-" "WordPress/6.9.4; https://yahya.bms69.com"
74.7.227.47 - - [12/Mar/2026:16:58:33 +0000] "GET /sitemap_index.xml HTTP/2" 301 0 "-" "Mozilla/5.0 AppleWebKit/537.36 (KHTML, like Gecko; compatible; GPTBot/1.3; +https://openai.com/gptbot)"
74.7.227.47 - - [12/Mar/2026:16:58:34 +0000] "GET /sitemaps.xml HTTP/2" 200 239 "https://yahya.bms69.com/sitemap_index.xml" "Mozilla/5.0 AppleWebKit/537.36 (KHTML, like Gecko; compatible; GPTBot/1.3; +https://openai.com/gptbot)"
64.31.22.34 - - [12/Mar/2026:17:05:31 +0000] "POST /wp-cron.php?doing_wp_cron=1773335131.5409009456634521484375 HTTP/1.1" 200 0 "-" "WordPress/6.9.4; https://yahya.bms69.com"
64.31.22.34 - - [13/Mar/2026:00:27:42 +0000] "POST /wp-cron.php?doing_wp_cron=1773361662.6348390579223632812500 HTTP/1.1" 200 0 "-" "WordPress/6.9.4; https://yahya.bms69.com"
162.142.125.214 - - [13/Mar/2026:00:27:43 +0000] "GET /favicon.ico HTTP/1.1" 404 1251 "-" "Mozilla/5.0 (compatible; CensysInspect/1.1; +https://about.censys.io/)"
64.31.22.34 - - [13/Mar/2026:00:27:41 +0000] "POST /wp-cron.php?doing_wp_cron=1773361661.8659739494323730468750 HTTP/1.1" 200 0 "-" "WordPress/6.9.4; https://yahya.bms69.com"
162.142.125.214 - - [13/Mar/2026:00:27:36 +0000] "GET / HTTP/1.1" 200 30331 "-" "Mozilla/5.0 (compatible; CensysInspect/1.1; +https://about.censys.io/)"
64.31.22.34 - - [13/Mar/2026:00:28:04 +0000] "POST /wp-cron.php?doing_wp_cron=1773361684.8338389396667480468750 HTTP/1.1" 200 0 "-" "WordPress/6.9.4; https://yahya.bms69.com"
162.142.125.214 - - [13/Mar/2026:00:28:03 +0000] "GET / HTTP/1.1" 301 0 "-" "Mozilla/5.0 (compatible; CensysInspect/1.1; +https://about.censys.io/)"
64.31.22.34 - - [13/Mar/2026:01:02:39 +0000] "POST /wp-cron.php?doing_wp_cron=1773363759.5167338848114013671875 HTTP/1.1" 200 0 "-" "WordPress/6.9.4; https://yahya.bms69.com"
64.31.22.34 - - [13/Mar/2026:01:02:39 +0000] "POST /wp-cron.php?doing_wp_cron=1773363759.5165948867797851562500 HTTP/1.1" 200 0 "-" "WordPress/6.9.4; https://yahya.bms69.com"
74.7.230.53 - - [13/Mar/2026:01:02:39 +0000] "GET /robots.txt HTTP/2" 200 126 "https://www.yahya.bms69.com/robots.txt" "Mozilla/5.0 (Macintosh; Intel Mac OS X 10_15_7) AppleWebKit/537.36 (KHTML, like Gecko) Chrome/131.0.0.0 Safari/537.36; compatible; OAI-SearchBot/1.3; robots.txt; +https://openai.com/searchbot"
74.7.244.42 - - [13/Mar/2026:01:02:39 +0000] "GET /robots.txt HTTP/2" 200 126 "-" "Mozilla/5.0 (Macintosh; Intel Mac OS X 10_15_7) AppleWebKit/537.36 (KHTML, like Gecko) Chrome/131.0.0.0 Safari/537.36; compatible; OAI-SearchBot/1.3; robots.txt; +https://openai.com/searchbot"
74.7.241.11 - - [13/Mar/2026:01:02:35 +0000] "GET / HTTP/2" 301 0 "-" "Mozilla/5.0 AppleWebKit/537.36 (KHTML, like Gecko; compatible; GPTBot/1.3; +https://openai.com/gptbot)"
74.7.230.53 - - [13/Mar/2026:01:02:34 +0000] "GET /robots.txt HTTP/2" 301 0 "-" "Mozilla/5.0 (Macintosh; Intel Mac OS X 10_15_7) AppleWebKit/537.36 (KHTML, like Gecko) Chrome/131.0.0.0 Safari/537.36; compatible; OAI-SearchBot/1.3; robots.txt; +https://openai.com/searchbot"
74.7.227.159 - - [13/Mar/2026:01:02:39 +0000] "GET / HTTP/2" 200 25535 "https://www.yahya.bms69.com" "Mozilla/5.0 AppleWebKit/537.36 (KHTML, like Gecko; compatible; GPTBot/1.3; +https://openai.com/gptbot)"
74.7.227.159 - - [13/Mar/2026:01:02:43 +0000] "GET /author/admin/ HTTP/2" 200 25935 "https://yahya.bms69.com/" "Mozilla/5.0 AppleWebKit/537.36 (KHTML, like Gecko; compatible; GPTBot/1.3; +https://openai.com/gptbot)"
74.7.227.159 - - [13/Mar/2026:01:02:46 +0000] "GET /wp-includes/css/dist/block-library/style.min.css?ver=6.9.4 HTTP/2" 200 14889 "https://yahya.bms69.com/" "Mozilla/5.0 AppleWebKit/537.36 (KHTML, like Gecko; compatible; GPTBot/1.3; +https://openai.com/gptbot)"
64.31.22.34 - - [13/Mar/2026:01:02:51 +0000] "POST /wp-cron.php?doing_wp_cron=1773363771.2226519584655761718750 HTTP/1.1" 200 0 "-" "WordPress/6.9.4; https://yahya.bms69.com"
74.7.227.159 - - [13/Mar/2026:01:02:49 +0000] "GET /feed/ HTTP/2" 200 686 "https://yahya.bms69.com/" "Mozilla/5.0 AppleWebKit/537.36 (KHTML, like Gecko; compatible; GPTBot/1.3; +https://openai.com/gptbot)"
74.7.227.159 - - [13/Mar/2026:01:02:52 +0000] "GET /wp-includes/js/wp-emoji-release.min.js?ver=6.9.4 HTTP/2" 200 4949 "https://yahya.bms69.com/" "Mozilla/5.0 AppleWebKit/537.36 (KHTML, like Gecko; compatible; GPTBot/1.3; +https://openai.com/gptbot)"
162.142.125.218 - - [13/Mar/2026:01:35:48 +0000] "GET / HTTP/1.1" 301 0 "-" "Mozilla/5.0 (compatible; CensysInspect/1.1; +https://about.censys.io/)"
162.142.125.218 - - [13/Mar/2026:01:35:54 +0000] "GET / HTTP/1.1" 200 30331 "-" "Mozilla/5.0 (compatible; CensysInspect/1.1; +https://about.censys.io/)"
64.31.22.34 - - [13/Mar/2026:01:35:53 +0000] "POST /wp-cron.php?doing_wp_cron=1773365753.4937479496002197265625 HTTP/1.1" 200 0 "-" "WordPress/6.9.4; https://yahya.bms69.com"
64.31.22.34 - - [13/Mar/2026:01:35:53 +0000] "POST /wp-cron.php?doing_wp_cron=1773365753.5265769958496093750000 HTTP/1.1" 200 0 "-" "WordPress/6.9.4; https://yahya.bms69.com"
162.142.125.218 - - [13/Mar/2026:01:35:58 +0000] "GET /favicon.ico HTTP/1.1" 404 1251 "-" "Mozilla/5.0 (compatible; CensysInspect/1.1; +https://about.censys.io/)"
162.142.125.218 - - [13/Mar/2026:01:36:20 +0000] "GET / HTTP/1.1" 301 0 "-" "Mozilla/5.0 (compatible; CensysInspect/1.1; +https://about.censys.io/)"
64.31.22.34 - - [13/Mar/2026:07:10:32 +0000] "POST /wp-cron.php?doing_wp_cron=1773385832.4882650375366210937500 HTTP/1.1" 200 0 "-" "WordPress/6.9.4; https://yahya.bms69.com"
74.7.230.53 - - [13/Mar/2026:07:10:26 +0000] "GET /robots.txt HTTP/2" 301 0 "-" "Mozilla/5.0 (Macintosh; Intel Mac OS X 10_15_7) AppleWebKit/537.36 (KHTML, like Gecko) Chrome/131.0.0.0 Safari/537.36; compatible; OAI-SearchBot/1.3; robots.txt; +https://openai.com/searchbot"
74.7.230.53 - - [13/Mar/2026:07:10:32 +0000] "GET /robots.txt HTTP/2" 200 126 "https://www.yahya.bms69.com/robots.txt" "Mozilla/5.0 (Macintosh; Intel Mac OS X 10_15_7) AppleWebKit/537.36 (KHTML, like Gecko) Chrome/131.0.0.0 Safari/537.36; compatible; OAI-SearchBot/1.3; robots.txt; +https://openai.com/searchbot"
64.31.22.34 - - [13/Mar/2026:07:10:32 +0000] "POST /wp-cron.php?doing_wp_cron=1773385832.2180058956146240234375 HTTP/1.1" 200 0 "-" "WordPress/6.9.4; https://yahya.bms69.com"