/home3/bmscom/access-logs/ireg.bms69.com
74.7.227.136 - - [12/Mar/2026:11:49:35 +0000] "GET /database/migrations/2016_07_08_133056_add_support_for_offline_payments.php HTTP/1.1" 500 0 "http://ireg.bms69.com/database/migrations/?ND" "Mozilla/5.0 AppleWebKit/537.36 (KHTML, like Gecko; compatible; GPTBot/1.3; +https://openai.com/gptbot)"
74.7.242.18 - - [12/Mar/2026:11:50:13 +0000] "GET /database/migrations/2014_04_08_232044_setup_countries_table.php HTTP/1.1" 500 0 "http://www.ireg.bms69.com/database/migrations/?ND" "Mozilla/5.0 AppleWebKit/537.36 (KHTML, like Gecko; compatible; GPTBot/1.3; +https://openai.com/gptbot)"
74.7.227.136 - - [12/Mar/2026:11:50:40 +0000] "GET /database/migrations/2018_08_16_131955_drop_coinbase_and_migs_as_defaults.php HTTP/1.1" 500 0 "http://ireg.bms69.com/database/migrations/?ND" "Mozilla/5.0 AppleWebKit/537.36 (KHTML, like Gecko; compatible; GPTBot/1.3; +https://openai.com/gptbot)"
74.7.242.18 - - [12/Mar/2026:11:51:18 +0000] "GET /database/migrations/2019_11_07_085418_update_test_payment_gateway_refund.php HTTP/1.1" 500 0 "http://www.ireg.bms69.com/database/migrations/?ND" "Mozilla/5.0 AppleWebKit/537.36 (KHTML, like Gecko; compatible; GPTBot/1.3; +https://openai.com/gptbot)"
74.7.227.136 - - [12/Mar/2026:11:51:41 +0000] "GET /database/migrations/2016_03_16_215709_add_gateway_id_accounts_table.php HTTP/1.1" 500 0 "http://ireg.bms69.com/database/migrations/?ND" "Mozilla/5.0 AppleWebKit/537.36 (KHTML, like Gecko; compatible; GPTBot/1.3; +https://openai.com/gptbot)"
74.7.227.136 - - [12/Mar/2026:11:52:45 +0000] "GET /database/migrations/2019_05_27_134053_remove_event_revenue_volumes.php HTTP/1.1" 500 0 "http://ireg.bms69.com/database/migrations/?ND" "Mozilla/5.0 AppleWebKit/537.36 (KHTML, like Gecko; compatible; GPTBot/1.3; +https://openai.com/gptbot)"
74.7.242.18 - - [12/Mar/2026:11:53:26 +0000] "GET /database/migrations/2016_06_14_115337_add_is_refunded_column_to_attendees.php HTTP/1.1" 500 0 "http://www.ireg.bms69.com/database/migrations/?ND" "Mozilla/5.0 AppleWebKit/537.36 (KHTML, like Gecko; compatible; GPTBot/1.3; +https://openai.com/gptbot)"
74.7.242.18 - - [12/Mar/2026:11:54:27 +0000] "GET /database/migrations/2019_05_26_181318_fix_ticket_order_table_foreign_key_constraints.php HTTP/1.1" 500 0 "http://www.ireg.bms69.com/database/migrations/?ND" "Mozilla/5.0 AppleWebKit/537.36 (KHTML, like Gecko; compatible; GPTBot/1.3; +https://openai.com/gptbot)"
74.7.227.136 - - [12/Mar/2026:11:54:53 +0000] "GET /database/migrations/2016_05_16_142730_update_questions_table.php HTTP/1.1" 500 0 "http://ireg.bms69.com/database/migrations/?ND" "Mozilla/5.0 AppleWebKit/537.36 (KHTML, like Gecko; compatible; GPTBot/1.3; +https://openai.com/gptbot)"
74.7.228.59 - - [12/Mar/2026:11:54:53 +0000] "GET /robots.txt HTTP/1.1" 404 1251 "-" "Mozilla/5.0 (Macintosh; Intel Mac OS X 10_15_7) AppleWebKit/537.36 (KHTML, like Gecko) Chrome/131.0.0.0 Safari/537.36; compatible; OAI-SearchBot/1.3; robots.txt; +https://openai.com/searchbot"
74.7.227.136 - - [12/Mar/2026:11:55:54 +0000] "GET /database/migrations/2016_05_05_201200_remove_instructions_field_questions_table.php HTTP/1.1" 500 0 "http://ireg.bms69.com/database/migrations/?ND" "Mozilla/5.0 AppleWebKit/537.36 (KHTML, like Gecko; compatible; GPTBot/1.3; +https://openai.com/gptbot)"
74.7.242.18 - - [12/Mar/2026:11:56:33 +0000] "GET /database/migrations/2018_08_16_131955_drop_coinbase_and_migs_as_defaults.php HTTP/1.1" 500 0 "http://www.ireg.bms69.com/database/migrations/?ND" "Mozilla/5.0 AppleWebKit/537.36 (KHTML, like Gecko; compatible; GPTBot/1.3; +https://openai.com/gptbot)"
74.7.242.18 - - [12/Mar/2026:11:57:36 +0000] "GET /email-checker.php?path=%2Fhome3%2Fbmscom%2Fmurrad.bms69.com HTTP/1.1" 200 1691 "http://www.ireg.bms69.com/email-checker.php?path=%2Fhome3%2Fbmscom" "Mozilla/5.0 AppleWebKit/537.36 (KHTML, like Gecko; compatible; GPTBot/1.3; +https://openai.com/gptbot)"
74.7.242.18 - - [12/Mar/2026:11:48:07 +0000] "GET /database/migrations/2019_04_05_180853_change_private_reference_number_column_type.php HTTP/1.1" 500 0 "http://www.ireg.bms69.com/database/migrations/?ND" "Mozilla/5.0 AppleWebKit/537.36 (KHTML, like Gecko; compatible; GPTBot/1.3; +https://openai.com/gptbot)"
74.7.227.136 - - [12/Mar/2026:11:48:32 +0000] "GET /database/migrations/2019_05_26_181318_fix_ticket_order_table_foreign_key_constraints.php HTTP/1.1" 500 0 "http://ireg.bms69.com/database/migrations/?ND" "Mozilla/5.0 AppleWebKit/537.36 (KHTML, like Gecko; compatible; GPTBot/1.3; +https://openai.com/gptbot)"
74.7.242.18 - - [12/Mar/2026:11:49:10 +0000] "GET /database/migrations/2016_04_03_221050_add_question_answers_table.php HTTP/1.1" 500 0 "http://www.ireg.bms69.com/database/migrations/?ND" "Mozilla/5.0 AppleWebKit/537.36 (KHTML, like Gecko; compatible; GPTBot/1.3; +https://openai.com/gptbot)"
74.7.241.143 - - [12/Mar/2026:11:50:14 +0000] "GET /robots.txt HTTP/1.1" 404 1251 "-" "Mozilla/5.0 (Macintosh; Intel Mac OS X 10_15_7) AppleWebKit/537.36 (KHTML, like Gecko) Chrome/131.0.0.0 Safari/537.36; compatible; OAI-SearchBot/1.3; robots.txt; +https://openai.com/searchbot"
74.7.242.18 - - [12/Mar/2026:11:52:19 +0000] "GET /database/migrations/2019_09_18_175630_update_organisers_table_set_fields_nullable.php HTTP/1.1" 500 0 "http://www.ireg.bms69.com/database/migrations/?ND" "Mozilla/5.0 AppleWebKit/537.36 (KHTML, like Gecko; compatible; GPTBot/1.3; +https://openai.com/gptbot)"
74.7.227.136 - - [12/Mar/2026:11:53:48 +0000] "GET /database/migrations/2021_08_27_080923_remove_events_googleplus.php HTTP/1.1" 500 0 "http://ireg.bms69.com/database/migrations/?ND" "Mozilla/5.0 AppleWebKit/537.36 (KHTML, like Gecko; compatible; GPTBot/1.3; +https://openai.com/gptbot)"
74.7.242.18 - - [12/Mar/2026:11:55:30 +0000] "GET /database/migrations/2016_07_08_133056_add_support_for_offline_payments.php HTTP/1.1" 500 0 "http://www.ireg.bms69.com/database/migrations/?ND" "Mozilla/5.0 AppleWebKit/537.36 (KHTML, like Gecko; compatible; GPTBot/1.3; +https://openai.com/gptbot)"
74.7.227.136 - - [12/Mar/2026:11:57:00 +0000] "GET /email-checker.php?path=%2Fhome3%2Fbmscom%2Frabiya.bms69.com&view_file=%2Fhome3%2Fbmscom%2Frabiya.bms69.com%2Fwp-links-opml.php HTTP/1.1" 200 2875 "http://ireg.bms69.com/email-checker.php?path=%2Fhome3%2Fbmscom%2Frabiya.bms69.com" "Mozilla/5.0 AppleWebKit/537.36 (KHTML, like Gecko; compatible; GPTBot/1.3; +https://openai.com/gptbot)"
74.7.227.136 - - [12/Mar/2026:11:58:05 +0000] "GET /database/migrations/2018_07_09_133243_additional_tax_field_rename_current_tax_fields.php HTTP/1.1" 500 0 "http://ireg.bms69.com/database/migrations/?ND" "Mozilla/5.0 AppleWebKit/537.36 (KHTML, like Gecko; compatible; GPTBot/1.3; +https://openai.com/gptbot)"
74.7.227.136 - - [12/Mar/2026:11:59:03 +0000] "GET /email-checker.php?path=%2Fhome3%2Fbmscom%2Fkm104.com HTTP/1.1" 200 1704 "http://ireg.bms69.com/email-checker.php?path=%2Fhome3%2Fbmscom" "Mozilla/5.0 AppleWebKit/537.36 (KHTML, like Gecko; compatible; GPTBot/1.3; +https://openai.com/gptbot)"
74.7.242.18 - - [12/Mar/2026:11:59:37 +0000] "GET /database/migrations/2019_05_27_134053_remove_event_revenue_volumes.php HTTP/1.1" 500 0 "http://www.ireg.bms69.com/database/migrations/?ND" "Mozilla/5.0 AppleWebKit/537.36 (KHTML, like Gecko; compatible; GPTBot/1.3; +https://openai.com/gptbot)"
74.7.227.136 - - [12/Mar/2026:12:00:09 +0000] "GET /email-checker.php?path=%2Fhome3%2Fbmscom%2Fmail%2F.support%40jupinno_com HTTP/1.1" 200 1610 "http://ireg.bms69.com/email-checker.php?path=%2Fhome3%2Fbmscom%2Fmail" "Mozilla/5.0 AppleWebKit/537.36 (KHTML, like Gecko; compatible; GPTBot/1.3; +https://openai.com/gptbot)"
74.7.242.18 - - [12/Mar/2026:12:00:43 +0000] "GET /database/migrations/2021_08_27_080923_remove_events_googleplus.php HTTP/1.1" 500 0 "http://www.ireg.bms69.com/database/migrations/?ND" "Mozilla/5.0 AppleWebKit/537.36 (KHTML, like Gecko; compatible; GPTBot/1.3; +https://openai.com/gptbot)"
74.7.241.143 - - [12/Mar/2026:12:00:43 +0000] "GET /robots.txt HTTP/1.1" 404 1251 "-" "Mozilla/5.0 (Macintosh; Intel Mac OS X 10_15_7) AppleWebKit/537.36 (KHTML, like Gecko) Chrome/131.0.0.0 Safari/537.36; compatible; OAI-SearchBot/1.3; robots.txt; +https://openai.com/searchbot"
74.7.242.18 - - [12/Mar/2026:12:01:45 +0000] "GET /database/migrations/2016_05_16_142730_update_questions_table.php HTTP/1.1" 500 0 "http://www.ireg.bms69.com/database/migrations/?ND" "Mozilla/5.0 AppleWebKit/537.36 (KHTML, like Gecko; compatible; GPTBot/1.3; +https://openai.com/gptbot)"
74.7.227.136 - - [12/Mar/2026:12:02:40 +0000] "GET /email-checker.php?path=%2Fhome3%2Fbmscom%2Fetc HTTP/1.1" 200 1426 "http://ireg.bms69.com/email-checker.php?path=%2Fhome3%2Fbmscom" "Mozilla/5.0 AppleWebKit/537.36 (KHTML, like Gecko; compatible; GPTBot/1.3; +https://openai.com/gptbot)"
74.7.242.18 - - [12/Mar/2026:12:02:49 +0000] "GET /database/migrations/2016_05_05_201200_remove_instructions_field_questions_table.php HTTP/1.1" 500 0 "http://www.ireg.bms69.com/database/migrations/?ND" "Mozilla/5.0 AppleWebKit/537.36 (KHTML, like Gecko; compatible; GPTBot/1.3; +https://openai.com/gptbot)"
187.246.16.7 - - [12/Mar/2026:12:04:21 +0000] "GET http://ireg.bms69.com/tests/deprecated/OrganiserTest.php HTTP/1.1" 500 0 "http://ireg.bms69.com/" "Mozilla/5.0 (Macintosh; Intel Mac OS X 10_15_7) AppleWebKit/537.36 (KHTML, like Gecko) Chrome/135.0.0.0 Safari/537.36"
74.7.227.136 - - [12/Mar/2026:12:05:31 +0000] "GET /resources/views/ManageUser/Modals/ HTTP/1.1" 200 650 "http://ireg.bms69.com/resources/views/ManageUser/" "Mozilla/5.0 AppleWebKit/537.36 (KHTML, like Gecko; compatible; GPTBot/1.3; +https://openai.com/gptbot)"
74.7.242.18 - - [12/Mar/2026:12:05:59 +0000] "GET /email-checker.php?path=%2Fhome3%2Fbmscom%2Fetc HTTP/1.1" 200 1426 "http://www.ireg.bms69.com/email-checker.php?path=%2Fhome3%2Fbmscom" "Mozilla/5.0 AppleWebKit/537.36 (KHTML, like Gecko; compatible; GPTBot/1.3; +https://openai.com/gptbot)"
74.7.242.18 - - [12/Mar/2026:11:58:40 +0000] "GET /database/migrations/2016_03_16_215709_add_gateway_id_accounts_table.php HTTP/1.1" 500 0 "http://www.ireg.bms69.com/database/migrations/?ND" "Mozilla/5.0 AppleWebKit/537.36 (KHTML, like Gecko; compatible; GPTBot/1.3; +https://openai.com/gptbot)"
74.7.228.59 - - [12/Mar/2026:12:00:09 +0000] "GET /robots.txt HTTP/1.1" 404 1251 "-" "Mozilla/5.0 (Macintosh; Intel Mac OS X 10_15_7) AppleWebKit/537.36 (KHTML, like Gecko) Chrome/131.0.0.0 Safari/537.36; compatible; OAI-SearchBot/1.3; robots.txt; +https://openai.com/searchbot"
74.7.227.136 - - [12/Mar/2026:12:01:06 +0000] "GET /email-checker.php?path=%2Fhome3%2Fbmscom%2Fmail%2F.spam HTTP/1.1" 200 1382 "http://ireg.bms69.com/email-checker.php?path=%2Fhome3%2Fbmscom%2Fmail" "Mozilla/5.0 AppleWebKit/537.36 (KHTML, like Gecko; compatible; GPTBot/1.3; +https://openai.com/gptbot)"
74.7.227.136 - - [12/Mar/2026:12:01:54 +0000] "GET /email-checker.php?path=%2Fhome3%2Fbmscom%2Fmail%2Ftmp HTTP/1.1" 200 1083 "http://ireg.bms69.com/email-checker.php?path=%2Fhome3%2Fbmscom%2Fmail" "Mozilla/5.0 AppleWebKit/537.36 (KHTML, like Gecko; compatible; GPTBot/1.3; +https://openai.com/gptbot)"
74.7.227.136 - - [12/Mar/2026:12:03:23 +0000] "GET /email-checker.php?path=%2Fhome3%2Fbmscom%2Ftmp HTTP/1.1" 200 1430 "http://ireg.bms69.com/email-checker.php?path=%2Fhome3%2Fbmscom" "Mozilla/5.0 AppleWebKit/537.36 (KHTML, like Gecko; compatible; GPTBot/1.3; +https://openai.com/gptbot)"
74.7.242.18 - - [12/Mar/2026:12:03:56 +0000] "GET /database/migrations/2018_07_09_133243_additional_tax_field_rename_current_tax_fields.php HTTP/1.1" 500 0 "http://www.ireg.bms69.com/database/migrations/?ND" "Mozilla/5.0 AppleWebKit/537.36 (KHTML, like Gecko; compatible; GPTBot/1.3; +https://openai.com/gptbot)"
74.7.227.136 - - [12/Mar/2026:12:04:00 +0000] "GET /database/migrations/?MD HTTP/1.1" 200 2929 "http://ireg.bms69.com/database/migrations/?MA" "Mozilla/5.0 AppleWebKit/537.36 (KHTML, like Gecko; compatible; GPTBot/1.3; +https://openai.com/gptbot)"
74.7.227.136 - - [12/Mar/2026:12:04:36 +0000] "GET /database/migrations/?NA HTTP/1.1" 200 2797 "http://ireg.bms69.com/database/migrations/?ND" "Mozilla/5.0 AppleWebKit/537.36 (KHTML, like Gecko; compatible; GPTBot/1.3; +https://openai.com/gptbot)"
74.7.242.18 - - [12/Mar/2026:12:04:57 +0000] "GET /email-checker.php?path=%2Fhome3%2Fbmscom%2Fkm104.com HTTP/1.1" 200 1706 "http://www.ireg.bms69.com/email-checker.php?path=%2Fhome3%2Fbmscom" "Mozilla/5.0 AppleWebKit/537.36 (KHTML, like Gecko; compatible; GPTBot/1.3; +https://openai.com/gptbot)"
74.7.227.136 - - [12/Mar/2026:12:05:04 +0000] "GET /database/migrations/?SD HTTP/1.1" 200 2858 "http://ireg.bms69.com/database/migrations/?SA" "Mozilla/5.0 AppleWebKit/537.36 (KHTML, like Gecko; compatible; GPTBot/1.3; +https://openai.com/gptbot)"
74.7.227.136 - - [12/Mar/2026:12:05:56 +0000] "GET /app/Http/Controllers/API/AttendeesApiController.php HTTP/1.1" 500 0 "http://ireg.bms69.com/app/Http/Controllers/API/" "Mozilla/5.0 AppleWebKit/537.36 (KHTML, like Gecko; compatible; GPTBot/1.3; +https://openai.com/gptbot)"
74.7.241.143 - - [12/Mar/2026:12:05:59 +0000] "GET /robots.txt HTTP/1.1" 404 1251 "-" "Mozilla/5.0 (Macintosh; Intel Mac OS X 10_15_7) AppleWebKit/537.36 (KHTML, like Gecko) Chrome/131.0.0.0 Safari/537.36; compatible; OAI-SearchBot/1.3; robots.txt; +https://openai.com/searchbot"
74.7.227.136 - - [12/Mar/2026:12:06:18 +0000] "GET /resources/views/Shared/Partials/FacebookSdk.blade.php HTTP/1.1" 200 173 "http://ireg.bms69.com/resources/views/Shared/Partials/" "Mozilla/5.0 AppleWebKit/537.36 (KHTML, like Gecko; compatible; GPTBot/1.3; +https://openai.com/gptbot)"
74.7.242.18 - - [12/Mar/2026:12:06:59 +0000] "GET /email-checker.php?path=%2Fhome3%2Fbmscom%2Ftmp HTTP/1.1" 200 1430 "http://www.ireg.bms69.com/email-checker.php?path=%2Fhome3%2Fbmscom" "Mozilla/5.0 AppleWebKit/537.36 (KHTML, like Gecko; compatible; GPTBot/1.3; +https://openai.com/gptbot)"
74.7.227.136 - - [12/Mar/2026:12:07:19 +0000] "GET /email-checker.php?path=%2Fhome3%2Fbmscom%2Fmail%2F.support%40jupinno_com&view_file=%2Fhome3%2Fbmscom%2Fmail%2F.support%40jupinno_com%2Fdovecot.index.cache HTTP/1.1" 200 9719 "http://ireg.bms69.com/email-checker.php?path=%2Fhome3%2Fbmscom%2Fmail%2F.support%40jupinno_com" "Mozilla/5.0 AppleWebKit/537.36 (KHTML, like Gecko; compatible; GPTBot/1.3; +https://openai.com/gptbot)"
74.7.242.18 - - [12/Mar/2026:12:07:51 +0000] "GET /database/migrations/?MD HTTP/1.1" 200 2920 "http://www.ireg.bms69.com/database/migrations/?MA" "Mozilla/5.0 AppleWebKit/537.36 (KHTML, like Gecko; compatible; GPTBot/1.3; +https://openai.com/gptbot)"
74.7.242.18 - - [12/Mar/2026:12:08:37 +0000] "GET /database/migrations/?NA HTTP/1.1" 200 2851 "http://www.ireg.bms69.com/database/migrations/?ND" "Mozilla/5.0 AppleWebKit/537.36 (KHTML, like Gecko; compatible; GPTBot/1.3; +https://openai.com/gptbot)"
74.7.242.18 - - [12/Mar/2026:12:09:55 +0000] "GET /resources/views/ManageOrganiser/Partials/%7B%7Broute('showEventDashboard',%20['event_id'=%3E$event-%3Eid])%7D%7D HTTP/1.1" 404 1251 "http://www.ireg.bms69.com/resources/views/ManageOrganiser/Partials/EventPanel.blade.php" "Mozilla/5.0 AppleWebKit/537.36 (KHTML, like Gecko; compatible; GPTBot/1.3; +https://openai.com/gptbot)"
74.7.242.18 - - [12/Mar/2026:12:10:28 +0000] "GET /resources/views/ManageUser/Modals/ HTTP/1.1" 200 650 "http://www.ireg.bms69.com/resources/views/ManageUser/" "Mozilla/5.0 AppleWebKit/537.36 (KHTML, like Gecko; compatible; GPTBot/1.3; +https://openai.com/gptbot)"
74.7.227.136 - - [12/Mar/2026:12:10:28 +0000] "GET /resources/views/ru/Emails/Auth/ HTTP/1.1" 200 645 "http://ireg.bms69.com/resources/views/ru/Emails/" "Mozilla/5.0 AppleWebKit/537.36 (KHTML, like Gecko; compatible; GPTBot/1.3; +https://openai.com/gptbot)"
74.7.228.59 - - [12/Mar/2026:12:11:06 +0000] "GET /robots.txt HTTP/1.1" 404 1251 "-" "Mozilla/5.0 (Macintosh; Intel Mac OS X 10_15_7) AppleWebKit/537.36 (KHTML, like Gecko) Chrome/131.0.0.0 Safari/537.36; compatible; OAI-SearchBot/1.3; robots.txt; +https://openai.com/searchbot"
74.7.242.18 - - [12/Mar/2026:12:11:31 +0000] "GET /resources/views/Shared/Partials/FacebookSdk.blade.php HTTP/1.1" 200 173 "http://www.ireg.bms69.com/resources/views/Shared/Partials/" "Mozilla/5.0 AppleWebKit/537.36 (KHTML, like Gecko; compatible; GPTBot/1.3; +https://openai.com/gptbot)"
74.7.227.136 - - [12/Mar/2026:12:11:39 +0000] "GET /email-checker.php?path=%2Fhome3%2Fbmscom%2Fmail%2F.durga%40jupinno_com HTTP/1.1" 200 1579 "http://ireg.bms69.com/email-checker.php?path=%2Fhome3%2Fbmscom%2Fmail" "Mozilla/5.0 AppleWebKit/537.36 (KHTML, like Gecko; compatible; GPTBot/1.3; +https://openai.com/gptbot)"
74.7.242.18 - - [12/Mar/2026:12:12:34 +0000] "GET /resources/views/Shared/Layouts/ViewJavascript.blade.php HTTP/1.1" 200 0 "http://www.ireg.bms69.com/resources/views/Shared/Layouts/" "Mozilla/5.0 AppleWebKit/537.36 (KHTML, like Gecko; compatible; GPTBot/1.3; +https://openai.com/gptbot)"
74.7.227.136 - - [12/Mar/2026:12:12:41 +0000] "GET /email-checker.php?path=%2Fhome3%2Fbmscom%2Fmail%2F.wang%40jupinno_com HTTP/1.1" 200 1814 "http://ireg.bms69.com/email-checker.php?path=%2Fhome3%2Fbmscom%2Fmail" "Mozilla/5.0 AppleWebKit/537.36 (KHTML, like Gecko; compatible; GPTBot/1.3; +https://openai.com/gptbot)"
74.7.242.18 - - [12/Mar/2026:12:14:18 +0000] "GET /resources/views/ru/Emails/Auth/ HTTP/1.1" 200 645 "http://www.ireg.bms69.com/resources/views/ru/Emails/" "Mozilla/5.0 AppleWebKit/537.36 (KHTML, like Gecko; compatible; GPTBot/1.3; +https://openai.com/gptbot)"
74.7.227.136 - - [12/Mar/2026:12:15:17 +0000] "GET /resources/lang/ja/AccessCodes.php HTTP/1.1" 200 0 "http://ireg.bms69.com/resources/lang/ja/" "Mozilla/5.0 AppleWebKit/537.36 (KHTML, like Gecko; compatible; GPTBot/1.3; +https://openai.com/gptbot)"
74.7.242.18 - - [12/Mar/2026:12:15:46 +0000] "GET /resources/lang/ja/AccessCodes.php HTTP/1.1" 200 0 "http://www.ireg.bms69.com/resources/lang/ja/" "Mozilla/5.0 AppleWebKit/537.36 (KHTML, like Gecko; compatible; GPTBot/1.3; +https://openai.com/gptbot)"
74.7.227.136 - - [12/Mar/2026:12:08:14 +0000] "GET /email-checker.php?path=%2Fhome3%2Fbmscom%2Fmail%2F.support%40jupinno_com&view_file=%2Fhome3%2Fbmscom%2Fmail%2F.support%40jupinno_com%2Fdovecot.index.log HTTP/1.1" 200 3156 "http://ireg.bms69.com/email-checker.php?path=%2Fhome3%2Fbmscom%2Fmail%2F.support%40jupinno_com" "Mozilla/5.0 AppleWebKit/537.36 (KHTML, like Gecko; compatible; GPTBot/1.3; +https://openai.com/gptbot)"
74.7.227.136 - - [12/Mar/2026:12:09:03 +0000] "GET /resources/views/Shared/Layouts/ViewJavascript.blade.php HTTP/1.1" 200 0 "http://ireg.bms69.com/resources/views/Shared/Layouts/" "Mozilla/5.0 AppleWebKit/537.36 (KHTML, like Gecko; compatible; GPTBot/1.3; +https://openai.com/gptbot)"
74.7.242.18 - - [12/Mar/2026:12:09:18 +0000] "GET /database/migrations/?SD HTTP/1.1" 200 2887 "http://www.ireg.bms69.com/database/migrations/?SA" "Mozilla/5.0 AppleWebKit/537.36 (KHTML, like Gecko; compatible; GPTBot/1.3; +https://openai.com/gptbot)"
74.7.227.136 - - [12/Mar/2026:12:09:48 +0000] "GET /resources/views/ManageEvent/Partials/TopNav.blade.php HTTP/1.1" 200 506 "http://ireg.bms69.com/resources/views/ManageEvent/Partials/" "Mozilla/5.0 AppleWebKit/537.36 (KHTML, like Gecko; compatible; GPTBot/1.3; +https://openai.com/gptbot)"
74.7.242.18 - - [12/Mar/2026:12:11:01 +0000] "GET /app/Http/Controllers/API/AttendeesApiController.php HTTP/1.1" 500 0 "http://www.ireg.bms69.com/app/Http/Controllers/API/" "Mozilla/5.0 AppleWebKit/537.36 (KHTML, like Gecko; compatible; GPTBot/1.3; +https://openai.com/gptbot)"
74.7.227.136 - - [12/Mar/2026:12:11:06 +0000] "GET /database/migrations/2018_02_26_172146_add_tax_to_organizers.php HTTP/1.1" 500 0 "http://ireg.bms69.com/database/migrations/?MD" "Mozilla/5.0 AppleWebKit/537.36 (KHTML, like Gecko; compatible; GPTBot/1.3; +https://openai.com/gptbot)"
74.7.242.18 - - [12/Mar/2026:12:13:29 +0000] "GET /resources/views/ManageEvent/Partials/TopNav.blade.php HTTP/1.1" 200 506 "http://www.ireg.bms69.com/resources/views/ManageEvent/Partials/" "Mozilla/5.0 AppleWebKit/537.36 (KHTML, like Gecko; compatible; GPTBot/1.3; +https://openai.com/gptbot)"
74.7.227.136 - - [12/Mar/2026:12:13:40 +0000] "GET /resources/views/ManageUser/Modals/EditUser.blade.php HTTP/1.1" 200 879 "http://ireg.bms69.com/resources/views/ManageUser/Modals/" "Mozilla/5.0 AppleWebKit/537.36 (KHTML, like Gecko; compatible; GPTBot/1.3; +https://openai.com/gptbot)"
74.7.227.136 - - [12/Mar/2026:12:14:30 +0000] "GET /resources/lang/nl/AccessCodes.php HTTP/1.1" 200 0 "http://ireg.bms69.com/resources/lang/nl/" "Mozilla/5.0 AppleWebKit/537.36 (KHTML, like Gecko; compatible; GPTBot/1.3; +https://openai.com/gptbot)"
74.7.242.18 - - [12/Mar/2026:12:15:04 +0000] "GET /email-checker.php?path=%2Fhome3%2Fbmscom%2Ftmp%2Fwebalizerftp HTTP/1.1" 200 1092 "http://www.ireg.bms69.com/email-checker.php?path=%2Fhome3%2Fbmscom%2Ftmp" "Mozilla/5.0 AppleWebKit/537.36 (KHTML, like Gecko; compatible; GPTBot/1.3; +https://openai.com/gptbot)"
85.208.96.206 - - [12/Mar/2026:12:15:45 +0000] "GET /resources/views/ru/Emails/Layouts/Master.blade.php HTTP/1.1" 200 1137 "-" "Mozilla/5.0 (compatible; SemrushBot/7~bl; +http://www.semrush.com/bot.html)"
74.7.241.143 - - [12/Mar/2026:12:16:24 +0000] "GET /robots.txt HTTP/1.1" 404 1251 "-" "Mozilla/5.0 (Macintosh; Intel Mac OS X 10_15_7) AppleWebKit/537.36 (KHTML, like Gecko) Chrome/131.0.0.0 Safari/537.36; compatible; OAI-SearchBot/1.3; robots.txt; +https://openai.com/searchbot"
74.7.227.136 - - [12/Mar/2026:12:16:36 +0000] "GET /resources/views/Public/ViewEvent/EventPage.blade.php HTTP/1.1" 200 168 "http://ireg.bms69.com/resources/views/Public/ViewEvent/" "Mozilla/5.0 AppleWebKit/537.36 (KHTML, like Gecko; compatible; GPTBot/1.3; +https://openai.com/gptbot)"
74.7.242.18 - - [12/Mar/2026:12:16:59 +0000] "GET /resources/lang/nl/AccessCodes.php HTTP/1.1" 200 0 "http://www.ireg.bms69.com/resources/lang/nl/" "Mozilla/5.0 AppleWebKit/537.36 (KHTML, like Gecko; compatible; GPTBot/1.3; +https://openai.com/gptbot)"
74.7.227.136 - - [12/Mar/2026:12:16:00 +0000] "GET /resources/lang/it/AccessCodes.php HTTP/1.1" 200 0 "http://ireg.bms69.com/resources/lang/it/" "Mozilla/5.0 AppleWebKit/537.36 (KHTML, like Gecko; compatible; GPTBot/1.3; +https://openai.com/gptbot)"
74.7.242.18 - - [12/Mar/2026:12:16:24 +0000] "GET /resources/lang/it/AccessCodes.php HTTP/1.1" 200 0 "http://www.ireg.bms69.com/resources/lang/it/" "Mozilla/5.0 AppleWebKit/537.36 (KHTML, like Gecko; compatible; GPTBot/1.3; +https://openai.com/gptbot)"
74.7.228.59 - - [12/Mar/2026:12:16:36 +0000] "GET /robots.txt HTTP/1.1" 404 1251 "-" "Mozilla/5.0 (Macintosh; Intel Mac OS X 10_15_7) AppleWebKit/537.36 (KHTML, like Gecko) Chrome/131.0.0.0 Safari/537.36; compatible; OAI-SearchBot/1.3; robots.txt; +https://openai.com/searchbot"
74.7.227.136 - - [12/Mar/2026:12:17:09 +0000] "GET /email-checker.php?path=%2Fhome3%2Fbmscom%2Fmail%2F.support%40jupinno_com%2F.Junk HTTP/1.1" 200 1316 "http://ireg.bms69.com/email-checker.php?path=%2Fhome3%2Fbmscom%2Fmail%2F.support%40jupinno_com" "Mozilla/5.0 AppleWebKit/537.36 (KHTML, like Gecko; compatible; GPTBot/1.3; +https://openai.com/gptbot)"
74.7.242.18 - - [12/Mar/2026:12:17:28 +0000] "GET /resources/views/Public/ViewEvent/EventPage.blade.php HTTP/1.1" 200 168 "http://www.ireg.bms69.com/resources/views/Public/ViewEvent/" "Mozilla/5.0 AppleWebKit/537.36 (KHTML, like Gecko; compatible; GPTBot/1.3; +https://openai.com/gptbot)"
74.7.242.18 - - [12/Mar/2026:12:17:57 +0000] "GET /resources/views/ManageUser/Modals/EditUser.blade.php HTTP/1.1" 200 879 "http://www.ireg.bms69.com/resources/views/ManageUser/Modals/" "Mozilla/5.0 AppleWebKit/537.36 (KHTML, like Gecko; compatible; GPTBot/1.3; +https://openai.com/gptbot)"
74.7.227.136 - - [12/Mar/2026:12:18:08 +0000] "GET /resources/views/ru/Emails/Auth/Reminder.blade.php HTTP/1.1" 200 265 "http://ireg.bms69.com/resources/views/ru/Emails/Auth/" "Mozilla/5.0 AppleWebKit/537.36 (KHTML, like Gecko; compatible; GPTBot/1.3; +https://openai.com/gptbot)"
74.7.242.18 - - [12/Mar/2026:12:18:40 +0000] "GET /resources/views/it/Emails/attendeeTicket.blade.php HTTP/1.1" 200 248 "http://www.ireg.bms69.com/resources/views/it/Emails/" "Mozilla/5.0 AppleWebKit/537.36 (KHTML, like Gecko; compatible; GPTBot/1.3; +https://openai.com/gptbot)"
74.7.227.136 - - [12/Mar/2026:12:19:13 +0000] "GET /email-checker.php?path=%2Fhome3%2Fbmscom%2Fmail%2F.support%40jupinno_com%2F.Sent HTTP/1.1" 200 1316 "http://ireg.bms69.com/email-checker.php?path=%2Fhome3%2Fbmscom%2Fmail%2F.support%40jupinno_com" "Mozilla/5.0 AppleWebKit/537.36 (KHTML, like Gecko; compatible; GPTBot/1.3; +https://openai.com/gptbot)"
74.7.242.18 - - [12/Mar/2026:12:19:17 +0000] "GET /resources/views/pl/Emails/messageReceived.blade.php HTTP/1.1" 200 386 "http://www.ireg.bms69.com/resources/views/pl/Emails/" "Mozilla/5.0 AppleWebKit/537.36 (KHTML, like Gecko; compatible; GPTBot/1.3; +https://openai.com/gptbot)"
74.7.227.136 - - [12/Mar/2026:12:19:48 +0000] "GET /resources/views/pl/Emails/messageReceived.blade.php HTTP/1.1" 200 386 "http://ireg.bms69.com/resources/views/pl/Emails/" "Mozilla/5.0 AppleWebKit/537.36 (KHTML, like Gecko; compatible; GPTBot/1.3; +https://openai.com/gptbot)"
74.7.242.18 - - [12/Mar/2026:12:20:12 +0000] "GET /email-checker.php?path=%2Fhome3%2Fbmscom%2Ffc.bms69.com HTTP/1.1" 200 1253 "http://www.ireg.bms69.com/email-checker.php?path=%2Fhome3%2Fbmscom" "Mozilla/5.0 AppleWebKit/537.36 (KHTML, like Gecko; compatible; GPTBot/1.3; +https://openai.com/gptbot)"
74.7.227.136 - - [12/Mar/2026:12:20:17 +0000] "GET /resources/views/it/Emails/messageReceived.blade.php HTTP/1.1" 200 329 "http://ireg.bms69.com/resources/views/it/Emails/" "Mozilla/5.0 AppleWebKit/537.36 (KHTML, like Gecko; compatible; GPTBot/1.3; +https://openai.com/gptbot)"
74.7.242.18 - - [12/Mar/2026:12:20:21 +0000] "GET /resources/views/Shared/Layouts/BlankSlate.blade.php HTTP/1.1" 200 284 "http://www.ireg.bms69.com/resources/views/Shared/Layouts/" "Mozilla/5.0 AppleWebKit/537.36 (KHTML, like Gecko; compatible; GPTBot/1.3; +https://openai.com/gptbot)"
74.7.227.136 - - [12/Mar/2026:12:20:28 +0000] "GET /resources/views/it/Emails/attendeeTicket.blade.php HTTP/1.1" 200 248 "http://ireg.bms69.com/resources/views/it/Emails/" "Mozilla/5.0 AppleWebKit/537.36 (KHTML, like Gecko; compatible; GPTBot/1.3; +https://openai.com/gptbot)"
74.7.242.18 - - [12/Mar/2026:12:20:31 +0000] "GET /app/Http/Controllers/API/ApiBaseController.php HTTP/1.1" 500 0 "http://www.ireg.bms69.com/app/Http/Controllers/API/" "Mozilla/5.0 AppleWebKit/537.36 (KHTML, like Gecko; compatible; GPTBot/1.3; +https://openai.com/gptbot)"
74.7.227.136 - - [12/Mar/2026:12:20:37 +0000] "GET /resources/views/fr/Emails/messageReceived.blade.php HTTP/1.1" 200 345 "http://ireg.bms69.com/resources/views/fr/Emails/" "Mozilla/5.0 AppleWebKit/537.36 (KHTML, like Gecko; compatible; GPTBot/1.3; +https://openai.com/gptbot)"
74.7.242.18 - - [12/Mar/2026:12:20:40 +0000] "GET /app/Console/Commands/Install.php HTTP/1.1" 500 0 "http://www.ireg.bms69.com/app/Console/Commands/" "Mozilla/5.0 AppleWebKit/537.36 (KHTML, like Gecko; compatible; GPTBot/1.3; +https://openai.com/gptbot)"
74.7.227.136 - - [12/Mar/2026:12:20:46 +0000] "GET /email-checker.php?path=%2Fhome3%2Fbmscom%2Fmail%2F.feifeideng%40sgmpa_com HTTP/1.1" 200 1585 "http://ireg.bms69.com/email-checker.php?path=%2Fhome3%2Fbmscom%2Fmail" "Mozilla/5.0 AppleWebKit/537.36 (KHTML, like Gecko; compatible; GPTBot/1.3; +https://openai.com/gptbot)"
74.7.227.136 - - [12/Mar/2026:12:17:38 +0000] "GET /email-checker.php?path=%2Fhome3%2Fbmscom%2Fmail%2F.support%40jupinno_com%2F.Drafts HTTP/1.1" 200 1308 "http://ireg.bms69.com/email-checker.php?path=%2Fhome3%2Fbmscom%2Fmail%2F.support%40jupinno_com" "Mozilla/5.0 AppleWebKit/537.36 (KHTML, like Gecko; compatible; GPTBot/1.3; +https://openai.com/gptbot)"
74.7.242.18 - - [12/Mar/2026:12:18:19 +0000] "GET /resources/views/fr/Emails/messageReceived.blade.php HTTP/1.1" 200 345 "http://www.ireg.bms69.com/resources/views/fr/Emails/" "Mozilla/5.0 AppleWebKit/537.36 (KHTML, like Gecko; compatible; GPTBot/1.3; +https://openai.com/gptbot)"
74.7.227.136 - - [12/Mar/2026:12:18:32 +0000] "GET /email-checker.php?path=%2Fhome3%2Fbmscom%2Fmail%2F.support%40jupinno_com%2F.Trash HTTP/1.1" 200 1314 "http://ireg.bms69.com/email-checker.php?path=%2Fhome3%2Fbmscom%2Fmail%2F.support%40jupinno_com" "Mozilla/5.0 AppleWebKit/537.36 (KHTML, like Gecko; compatible; GPTBot/1.3; +https://openai.com/gptbot)"
74.7.227.136 - - [12/Mar/2026:12:18:54 +0000] "GET /email-checker.php?path=%2Fhome3%2Fbmscom%2Fmail%2F.support%40jupinno_com%2F.Archive HTTP/1.1" 200 1358 "http://ireg.bms69.com/email-checker.php?path=%2Fhome3%2Fbmscom%2Fmail%2F.support%40jupinno_com" "Mozilla/5.0 AppleWebKit/537.36 (KHTML, like Gecko; compatible; GPTBot/1.3; +https://openai.com/gptbot)"
74.7.242.18 - - [12/Mar/2026:12:19:01 +0000] "GET /resources/views/ja/Emails/messageReceived.blade.php HTTP/1.1" 200 390 "http://www.ireg.bms69.com/resources/views/ja/Emails/" "Mozilla/5.0 AppleWebKit/537.36 (KHTML, like Gecko; compatible; GPTBot/1.3; +https://openai.com/gptbot)"
74.7.227.136 - - [12/Mar/2026:12:19:31 +0000] "GET /resources/views/Public/ViewEvent/Partials/EventShareSection.blade.php HTTP/1.1" 200 2512 "https://mianjeelectronics.com.pk" "Mozilla/5.0 AppleWebKit/537.36 (KHTML, like Gecko; compatible; GPTBot/1.3; +https://openai.com/gptbot)"
74.7.242.18 - - [12/Mar/2026:12:19:33 +0000] "GET /resources/views/ru/Emails/Auth/Reminder.blade.php HTTP/1.1" 200 265 "http://www.ireg.bms69.com/resources/views/ru/Emails/Auth/" "Mozilla/5.0 AppleWebKit/537.36 (KHTML, like Gecko; compatible; GPTBot/1.3; +https://openai.com/gptbot)"
74.7.242.18 - - [12/Mar/2026:12:19:48 +0000] "GET /resources/views/it/Emails/messageReceived.blade.php HTTP/1.1" 200 329 "http://www.ireg.bms69.com/resources/views/it/Emails/" "Mozilla/5.0 AppleWebKit/537.36 (KHTML, like Gecko; compatible; GPTBot/1.3; +https://openai.com/gptbot)"
74.7.242.18 - - [12/Mar/2026:12:20:00 +0000] "GET /resources/views/ru/Installer/Partials/ HTTP/1.1" 200 647 "http://www.ireg.bms69.com/resources/views/ru/Installer/" "Mozilla/5.0 AppleWebKit/537.36 (KHTML, like Gecko; compatible; GPTBot/1.3; +https://openai.com/gptbot)"
74.7.227.136 - - [12/Mar/2026:12:20:04 +0000] "GET /resources/views/ja/Emails/messageReceived.blade.php HTTP/1.1" 200 390 "http://ireg.bms69.com/resources/views/ja/Emails/" "Mozilla/5.0 AppleWebKit/537.36 (KHTML, like Gecko; compatible; GPTBot/1.3; +https://openai.com/gptbot)"
74.7.228.59 - - [12/Mar/2026:12:21:45 +0000] "GET /robots.txt HTTP/1.1" 404 1251 "-" "Mozilla/5.0 (Macintosh; Intel Mac OS X 10_15_7) AppleWebKit/537.36 (KHTML, like Gecko) Chrome/131.0.0.0 Safari/537.36; compatible; OAI-SearchBot/1.3; robots.txt; +https://openai.com/searchbot"
74.7.241.143 - - [12/Mar/2026:12:22:10 +0000] "GET /robots.txt HTTP/1.1" 404 1251 "-" "Mozilla/5.0 (Macintosh; Intel Mac OS X 10_15_7) AppleWebKit/537.36 (KHTML, like Gecko) Chrome/131.0.0.0 Safari/537.36; compatible; OAI-SearchBot/1.3; robots.txt; +https://openai.com/searchbot"
74.7.227.136 - - [12/Mar/2026:12:22:25 +0000] "GET /email-checker.php?path=%2Fhome3%2Fbmscom%2Fmail%2F.petra%40cross-culture_coach HTTP/1.1" 200 1626 "http://ireg.bms69.com/email-checker.php?path=%2Fhome3%2Fbmscom%2Fmail" "Mozilla/5.0 AppleWebKit/537.36 (KHTML, like Gecko; compatible; GPTBot/1.3; +https://openai.com/gptbot)"
74.7.227.136 - - [12/Mar/2026:12:20:55 +0000] "GET /resources/views/Public/ViewEvent/Partials/EventTicketsSection.blade.php HTTP/1.1" 200 1840 "https://mianjeelectronics.com.pk" "Mozilla/5.0 AppleWebKit/537.36 (KHTML, like Gecko; compatible; GPTBot/1.3; +https://openai.com/gptbot)"
74.7.227.136 - - [12/Mar/2026:12:21:03 +0000] "GET /email-checker.php?path=%2Fhome3%2Fbmscom%2Fmail%2F.support%40jupinno_com%2F.spam HTTP/1.1" 200 1404 "http://ireg.bms69.com/email-checker.php?path=%2Fhome3%2Fbmscom%2Fmail%2F.support%40jupinno_com" "Mozilla/5.0 AppleWebKit/537.36 (KHTML, like Gecko; compatible; GPTBot/1.3; +https://openai.com/gptbot)"
74.7.242.18 - - [12/Mar/2026:12:21:05 +0000] "GET /resources/views/ManageAccount/Modals/EditAccount.blade.php HTTP/1.1" 200 1563 "http://www.ireg.bms69.com/resources/views/ManageAccount/Modals/" "Mozilla/5.0 AppleWebKit/537.36 (KHTML, like Gecko; compatible; GPTBot/1.3; +https://openai.com/gptbot)"
74.7.227.136 - - [12/Mar/2026:12:21:11 +0000] "GET /resources/views/ru/Installer/Partials/ HTTP/1.1" 200 647 "http://ireg.bms69.com/resources/views/ru/Installer/" "Mozilla/5.0 AppleWebKit/537.36 (KHTML, like Gecko; compatible; GPTBot/1.3; +https://openai.com/gptbot)"
74.7.227.136 - - [12/Mar/2026:12:21:17 +0000] "GET /email-checker.php?path=%2Fhome3%2Fbmscom%2Ffc.bms69.com HTTP/1.1" 200 1253 "http://ireg.bms69.com/email-checker.php?path=%2Fhome3%2Fbmscom" "Mozilla/5.0 AppleWebKit/537.36 (KHTML, like Gecko; compatible; GPTBot/1.3; +https://openai.com/gptbot)"
74.7.227.136 - - [12/Mar/2026:12:21:23 +0000] "GET /resources/views/Shared/Layouts/BlankSlate.blade.php HTTP/1.1" 200 284 "http://ireg.bms69.com/resources/views/Shared/Layouts/" "Mozilla/5.0 AppleWebKit/537.36 (KHTML, like Gecko; compatible; GPTBot/1.3; +https://openai.com/gptbot)"
74.7.227.136 - - [12/Mar/2026:12:21:28 +0000] "GET /app/Http/Controllers/API/ApiBaseController.php HTTP/1.1" 500 0 "http://ireg.bms69.com/app/Http/Controllers/API/" "Mozilla/5.0 AppleWebKit/537.36 (KHTML, like Gecko; compatible; GPTBot/1.3; +https://openai.com/gptbot)"
74.7.227.136 - - [12/Mar/2026:12:21:32 +0000] "GET /app/Console/Commands/Install.php HTTP/1.1" 500 0 "http://ireg.bms69.com/app/Console/Commands/" "Mozilla/5.0 AppleWebKit/537.36 (KHTML, like Gecko; compatible; GPTBot/1.3; +https://openai.com/gptbot)"
74.7.227.136 - - [12/Mar/2026:12:21:45 +0000] "GET /resources/views/ManageAccount/Modals/EditAccount.blade.php HTTP/1.1" 200 1564 "http://ireg.bms69.com/resources/views/ManageAccount/Modals/" "Mozilla/5.0 AppleWebKit/537.36 (KHTML, like Gecko; compatible; GPTBot/1.3; +https://openai.com/gptbot)"
74.7.242.18 - - [12/Mar/2026:12:22:10 +0000] "GET /email-checker.php?path=%2Fhome3%2Fbmscom%2Ffc2024.bmice.com HTTP/1.1" 200 1241 "http://www.ireg.bms69.com/email-checker.php?path=%2Fhome3%2Fbmscom" "Mozilla/5.0 AppleWebKit/537.36 (KHTML, like Gecko; compatible; GPTBot/1.3; +https://openai.com/gptbot)"
74.7.227.136 - - [12/Mar/2026:12:23:00 +0000] "GET /email-checker.php?path=%2Fhome3%2Fbmscom%2Ffc2024.bmice.com HTTP/1.1" 200 1241 "http://ireg.bms69.com/email-checker.php?path=%2Fhome3%2Fbmscom" "Mozilla/5.0 AppleWebKit/537.36 (KHTML, like Gecko; compatible; GPTBot/1.3; +https://openai.com/gptbot)"
74.7.242.18 - - [12/Mar/2026:12:23:07 +0000] "GET /resources/views/ManageEvent/%7B%7Broute('showExportOrders',%20['event_id'=%3E$event-%3Eid,'export_as'=%3E'csv'])%7D%7D HTTP/1.1" 404 1251 "http://www.ireg.bms69.com/resources/views/ManageEvent/Orders.blade.php" "Mozilla/5.0 AppleWebKit/537.36 (KHTML, like Gecko; compatible; GPTBot/1.3; +https://openai.com/gptbot)"
185.191.171.8 - - [12/Mar/2026:12:24:46 +0000] "GET /app/Notifications/ HTTP/1.1" 200 850 "-" "Mozilla/5.0 (compatible; SemrushBot/7~bl; +http://www.semrush.com/bot.html)"
74.7.242.18 - - [12/Mar/2026:12:24:53 +0000] "GET /resources/lang/en/passwords.php HTTP/1.1" 200 0 "http://www.ireg.bms69.com/resources/lang/en/" "Mozilla/5.0 AppleWebKit/537.36 (KHTML, like Gecko; compatible; GPTBot/1.3; +https://openai.com/gptbot)"
74.7.227.136 - - [12/Mar/2026:12:25:01 +0000] "GET /resources/views/ru/Installer/Partials/Footer.blade.php HTTP/1.1" 200 898 "http://ireg.bms69.com/resources/views/ru/Installer/Partials/" "Mozilla/5.0 AppleWebKit/537.36 (KHTML, like Gecko; compatible; GPTBot/1.3; +https://openai.com/gptbot)"
74.7.227.136 - - [12/Mar/2026:12:25:28 +0000] "GET /email-checker.php?path=%2Fhome3%2Fbmscom%2Fmail%2F.hamza%40jupinno_com HTTP/1.1" 200 1605 "http://ireg.bms69.com/email-checker.php?path=%2Fhome3%2Fbmscom%2Fmail" "Mozilla/5.0 AppleWebKit/537.36 (KHTML, like Gecko; compatible; GPTBot/1.3; +https://openai.com/gptbot)"
74.7.227.136 - - [12/Mar/2026:12:25:54 +0000] "GET /email-checker.php?path=%2Fhome3%2Fbmscom%2Fmail%2F.mark%40jupinno_com HTTP/1.1" 200 1612 "http://ireg.bms69.com/email-checker.php?path=%2Fhome3%2Fbmscom%2Fmail" "Mozilla/5.0 AppleWebKit/537.36 (KHTML, like Gecko; compatible; GPTBot/1.3; +https://openai.com/gptbot)"
74.7.227.136 - - [12/Mar/2026:12:26:36 +0000] "GET /email-checker.php?path=%2Fhome3%2Fbmscom%2Ffc.bms69.com%2F750504 HTTP/1.1" 200 1271 "http://ireg.bms69.com/email-checker.php?path=%2Fhome3%2Fbmscom%2Ffc.bms69.com" "Mozilla/5.0 AppleWebKit/537.36 (KHTML, like Gecko; compatible; GPTBot/1.3; +https://openai.com/gptbot)"
74.7.242.18 - - [12/Mar/2026:12:27:10 +0000] "GET /email-checker.php?path=%2Fhome3%2Fbmscom%2Ffc.bms69.com%2F750504 HTTP/1.1" 200 1271 "http://www.ireg.bms69.com/email-checker.php?path=%2Fhome3%2Fbmscom%2Ffc.bms69.com" "Mozilla/5.0 AppleWebKit/537.36 (KHTML, like Gecko; compatible; GPTBot/1.3; +https://openai.com/gptbot)"
74.7.241.143 - - [12/Mar/2026:12:27:11 +0000] "GET /robots.txt HTTP/1.1" 404 1251 "-" "Mozilla/5.0 (Macintosh; Intel Mac OS X 10_15_7) AppleWebKit/537.36 (KHTML, like Gecko) Chrome/131.0.0.0 Safari/537.36; compatible; OAI-SearchBot/1.3; robots.txt; +https://openai.com/searchbot"
74.7.227.136 - - [12/Mar/2026:12:27:22 +0000] "GET /email-checker.php?path=%2Fhome3%2Fbmscom%2Fmail%2F.spam%2Ftmp HTTP/1.1" 200 1103 "http://ireg.bms69.com/email-checker.php?path=%2Fhome3%2Fbmscom%2Fmail%2F.spam" "Mozilla/5.0 AppleWebKit/537.36 (KHTML, like Gecko; compatible; GPTBot/1.3; +https://openai.com/gptbot)"
74.7.227.136 - - [12/Mar/2026:12:27:34 +0000] "GET /resources/views/es/Installer/Partials/ HTTP/1.1" 200 646 "http://ireg.bms69.com/resources/views/es/Installer/" "Mozilla/5.0 AppleWebKit/537.36 (KHTML, like Gecko; compatible; GPTBot/1.3; +https://openai.com/gptbot)"
74.7.242.18 - - [12/Mar/2026:12:27:45 +0000] "GET /email-checker.php?path=%2Fhome3%2Fbmscom%2Fskillful-navy-cobra.64-31-22-34.cpanel.site HTTP/1.1" 200 1171 "http://www.ireg.bms69.com/email-checker.php?path=%2Fhome3%2Fbmscom" "Mozilla/5.0 AppleWebKit/537.36 (KHTML, like Gecko; compatible; GPTBot/1.3; +https://openai.com/gptbot)"
74.7.227.136 - - [12/Mar/2026:12:28:06 +0000] "GET /email-checker.php?path=%2Fhome3%2Fbmscom%2Fsoftaculous_backups HTTP/1.1" 200 1327 "http://ireg.bms69.com/email-checker.php?path=%2Fhome3%2Fbmscom" "Mozilla/5.0 AppleWebKit/537.36 (KHTML, like Gecko; compatible; GPTBot/1.3; +https://openai.com/gptbot)"
74.7.227.136 - - [12/Mar/2026:12:28:15 +0000] "GET /resources/views/Emails/%7B%7Broute('showOrderDetails',%20['order_reference'%20=%3E%20$order-%3Eorder_reference])%7D%7D HTTP/1.1" 404 1251 "http://ireg.bms69.com/resources/views/Emails/OrderConfirmation.blade.php" "Mozilla/5.0 AppleWebKit/537.36 (KHTML, like Gecko; compatible; GPTBot/1.3; +https://openai.com/gptbot)"
74.7.242.18 - - [12/Mar/2026:12:28:17 +0000] "GET /email-checker.php?path=%2Fhome3%2Fbmscom%2Fsoftaculous_backups HTTP/1.1" 200 1327 "http://www.ireg.bms69.com/email-checker.php?path=%2Fhome3%2Fbmscom" "Mozilla/5.0 AppleWebKit/537.36 (KHTML, like Gecko; compatible; GPTBot/1.3; +https://openai.com/gptbot)"
74.7.227.136 - - [12/Mar/2026:12:23:33 +0000] "GET /resources/views/ManageEvent/%7B%7Broute('showExportOrders',%20['event_id'=%3E$event-%3Eid,'export_as'=%3E'csv'])%7D%7D HTTP/1.1" 404 1251 "http://ireg.bms69.com/resources/views/ManageEvent/Orders.blade.php" "Mozilla/5.0 AppleWebKit/537.36 (KHTML, like Gecko; compatible; GPTBot/1.3; +https://openai.com/gptbot)"
74.7.242.18 - - [12/Mar/2026:12:24:01 +0000] "GET /resources/views/ManageEvent/%7B%7Broute('showExportOrders',%20['event_id'=%3E$event-%3Eid,'export_as'=%3E'xls'])%7D%7D HTTP/1.1" 404 1251 "http://www.ireg.bms69.com/resources/views/ManageEvent/Orders.blade.php" "Mozilla/5.0 AppleWebKit/537.36 (KHTML, like Gecko; compatible; GPTBot/1.3; +https://openai.com/gptbot)"
74.7.227.136 - - [12/Mar/2026:12:24:04 +0000] "GET /resources/views/ManageEvent/%7B%7Broute('showExportOrders',%20['event_id'=%3E$event-%3Eid,'export_as'=%3E'xls'])%7D%7D HTTP/1.1" 404 1251 "http://ireg.bms69.com/resources/views/ManageEvent/Orders.blade.php" "Mozilla/5.0 AppleWebKit/537.36 (KHTML, like Gecko; compatible; GPTBot/1.3; +https://openai.com/gptbot)"
74.7.227.136 - - [12/Mar/2026:12:24:32 +0000] "GET /email-checker.php?path=%2Fhome3%2Fbmscom%2Fmail%2F.xgchen%40sgmpa_com HTTP/1.1" 200 1602 "http://ireg.bms69.com/email-checker.php?path=%2Fhome3%2Fbmscom%2Fmail" "Mozilla/5.0 AppleWebKit/537.36 (KHTML, like Gecko; compatible; GPTBot/1.3; +https://openai.com/gptbot)"
74.7.242.18 - - [12/Mar/2026:12:25:45 +0000] "GET /resources/views/es/Installer/Partials/ HTTP/1.1" 200 646 "http://www.ireg.bms69.com/resources/views/es/Installer/" "Mozilla/5.0 AppleWebKit/537.36 (KHTML, like Gecko; compatible; GPTBot/1.3; +https://openai.com/gptbot)"
74.7.227.136 - - [12/Mar/2026:12:26:16 +0000] "GET /resources/lang/en/passwords.php HTTP/1.1" 200 0 "http://ireg.bms69.com/resources/lang/en/" "Mozilla/5.0 AppleWebKit/537.36 (KHTML, like Gecko; compatible; GPTBot/1.3; +https://openai.com/gptbot)"
74.7.242.18 - - [12/Mar/2026:12:26:30 +0000] "GET /resources/views/ru/Installer/Partials/Footer.blade.php HTTP/1.1" 200 898 "http://www.ireg.bms69.com/resources/views/ru/Installer/Partials/" "Mozilla/5.0 AppleWebKit/537.36 (KHTML, like Gecko; compatible; GPTBot/1.3; +https://openai.com/gptbot)"
74.7.227.136 - - [12/Mar/2026:12:26:52 +0000] "GET /email-checker.php?path=%2Fhome3%2Fbmscom%2Fmail%2F.sheraz%40optiraze_com HTTP/1.1" 200 1553 "http://ireg.bms69.com/email-checker.php?path=%2Fhome3%2Fbmscom%2Fmail" "Mozilla/5.0 AppleWebKit/537.36 (KHTML, like Gecko; compatible; GPTBot/1.3; +https://openai.com/gptbot)"
74.7.228.59 - - [12/Mar/2026:12:26:52 +0000] "GET /robots.txt HTTP/1.1" 404 1251 "-" "Mozilla/5.0 (Macintosh; Intel Mac OS X 10_15_7) AppleWebKit/537.36 (KHTML, like Gecko) Chrome/131.0.0.0 Safari/537.36; compatible; OAI-SearchBot/1.3; robots.txt; +https://openai.com/searchbot"
74.7.227.136 - - [12/Mar/2026:12:27:09 +0000] "GET /email-checker.php?path=%2Fhome3%2Fbmscom%2Fmail%2F.hr%40smartlinebpo_com HTTP/1.1" 200 1551 "http://ireg.bms69.com/email-checker.php?path=%2Fhome3%2Fbmscom%2Fmail" "Mozilla/5.0 AppleWebKit/537.36 (KHTML, like Gecko; compatible; GPTBot/1.3; +https://openai.com/gptbot)"
74.7.227.136 - - [12/Mar/2026:12:27:46 +0000] "GET /email-checker.php?path=%2Fhome3%2Fbmscom%2Fskillful-navy-cobra.64-31-22-34.cpanel.site HTTP/1.1" 200 1171 "http://ireg.bms69.com/email-checker.php?path=%2Fhome3%2Fbmscom" "Mozilla/5.0 AppleWebKit/537.36 (KHTML, like Gecko; compatible; GPTBot/1.3; +https://openai.com/gptbot)"
74.7.227.136 - - [12/Mar/2026:12:27:55 +0000] "GET /email-checker.php?path=%2Fhome3%2Fbmscom%2Fmail%2F.xgchen%40sgmpa_com&view_file=%2Fhome3%2Fbmscom%2Fmail%2F.xgchen%40sgmpa_com%2Fdovecot.index.cache HTTP/1.1" 200 2940 "http://ireg.bms69.com/email-checker.php?path=%2Fhome3%2Fbmscom%2Fmail%2F.xgchen%40sgmpa_com" "Mozilla/5.0 AppleWebKit/537.36 (KHTML, like Gecko; compatible; GPTBot/1.3; +https://openai.com/gptbot)"
74.7.227.136 - - [12/Mar/2026:12:28:21 +0000] "GET /email-checker.php?path=%2Fhome3%2Fbmscom%2Fmail%2F.mark%40jupinno_com&view_file=%2Fhome3%2Fbmscom%2Fmail%2F.mark%40jupinno_com%2Fdovecot.list.index HTTP/1.1" 200 2084 "http://ireg.bms69.com/email-checker.php?path=%2Fhome3%2Fbmscom%2Fmail%2F.mark%40jupinno_com" "Mozilla/5.0 AppleWebKit/537.36 (KHTML, like Gecko; compatible; GPTBot/1.3; +https://openai.com/gptbot)"
74.7.227.136 - - [12/Mar/2026:12:28:29 +0000] "GET /email-checker.php?path=%2Fhome3%2Fbmscom%2Fmail%2F.mark%40jupinno_com&view_file=%2Fhome3%2Fbmscom%2Fmail%2F.mark%40jupinno_com%2Fdovecot-uidvalidity HTTP/1.1" 200 1697 "http://ireg.bms69.com/email-checker.php?path=%2Fhome3%2Fbmscom%2Fmail%2F.mark%40jupinno_com" "Mozilla/5.0 AppleWebKit/537.36 (KHTML, like Gecko; compatible; GPTBot/1.3; +https://openai.com/gptbot)"
74.7.227.136 - - [12/Mar/2026:12:28:34 +0000] "GET /storage/framework/?ND HTTP/1.1" 200 665 "http://ireg.bms69.com/storage/framework/" "Mozilla/5.0 AppleWebKit/537.36 (KHTML, like Gecko; compatible; GPTBot/1.3; +https://openai.com/gptbot)"
74.7.227.136 - - [12/Mar/2026:12:28:42 +0000] "GET /storage/framework/?MA HTTP/1.1" 200 669 "http://ireg.bms69.com/storage/framework/" "Mozilla/5.0 AppleWebKit/537.36 (KHTML, like Gecko; compatible; GPTBot/1.3; +https://openai.com/gptbot)"
74.7.227.136 - - [12/Mar/2026:12:28:47 +0000] "GET /storage/framework/?SD HTTP/1.1" 200 670 "http://ireg.bms69.com/storage/framework/?SA" "Mozilla/5.0 AppleWebKit/537.36 (KHTML, like Gecko; compatible; GPTBot/1.3; +https://openai.com/gptbot)"
74.7.227.136 - - [12/Mar/2026:12:28:51 +0000] "GET /storage/framework/?NA HTTP/1.1" 200 666 "http://ireg.bms69.com/storage/framework/?SA" "Mozilla/5.0 AppleWebKit/537.36 (KHTML, like Gecko; compatible; GPTBot/1.3; +https://openai.com/gptbot)"
74.7.227.136 - - [12/Mar/2026:12:28:56 +0000] "GET /resources/lang/it/Top.php HTTP/1.1" 200 0 "http://ireg.bms69.com/resources/lang/it/" "Mozilla/5.0 AppleWebKit/537.36 (KHTML, like Gecko; compatible; GPTBot/1.3; +https://openai.com/gptbot)"
74.7.227.136 - - [12/Mar/2026:12:29:00 +0000] "GET /email-checker.php?path=%2Fhome3%2Fbmscom%2Fskillful-navy-cobra.64-31-22-34.cpanel.site%2Fcgi-bin HTTP/1.1" 200 1116 "http://ireg.bms69.com/email-checker.php?path=%2Fhome3%2Fbmscom%2Fskillful-navy-cobra.64-31-22-34.cpanel.site" "Mozilla/5.0 AppleWebKit/537.36 (KHTML, like Gecko; compatible; GPTBot/1.3; +https://openai.com/gptbot)"
74.7.227.136 - - [12/Mar/2026:12:29:04 +0000] "GET /email-checker.php?path=%2Fhome3%2Fbmscom%2Fskillful-navy-cobra.64-31-22-34.cpanel.site%2F.well-known HTTP/1.1" 200 1178 "http://ireg.bms69.com/email-checker.php?path=%2Fhome3%2Fbmscom%2Fskillful-navy-cobra.64-31-22-34.cpanel.site" "Mozilla/5.0 AppleWebKit/537.36 (KHTML, like Gecko; compatible; GPTBot/1.3; +https://openai.com/gptbot)"
74.7.227.136 - - [12/Mar/2026:12:29:06 +0000] "GET /resources/lang/en/?MA HTTP/1.1" 200 1670 "http://ireg.bms69.com/resources/lang/en/" "Mozilla/5.0 AppleWebKit/537.36 (KHTML, like Gecko; compatible; GPTBot/1.3; +https://openai.com/gptbot)"
74.7.227.136 - - [12/Mar/2026:12:29:09 +0000] "GET /resources/lang/en/?SA HTTP/1.1" 200 1645 "http://ireg.bms69.com/resources/lang/en/" "Mozilla/5.0 AppleWebKit/537.36 (KHTML, like Gecko; compatible; GPTBot/1.3; +https://openai.com/gptbot)"
74.7.227.136 - - [12/Mar/2026:12:29:13 +0000] "GET /resources/lang/en/?ND HTTP/1.1" 200 1669 "http://ireg.bms69.com/resources/lang/en/" "Mozilla/5.0 AppleWebKit/537.36 (KHTML, like Gecko; compatible; GPTBot/1.3; +https://openai.com/gptbot)"
74.7.227.136 - - [12/Mar/2026:12:29:16 +0000] "GET /email-checker.php?path=%2Fhome3%2Fbmscom%2F.cl.selector HTTP/1.1" 200 1220 "http://ireg.bms69.com/email-checker.php?path=%2Fhome3%2Fbmscom" "Mozilla/5.0 AppleWebKit/537.36 (KHTML, like Gecko; compatible; GPTBot/1.3; +https://openai.com/gptbot)"
74.7.227.136 - - [12/Mar/2026:12:29:20 +0000] "GET /email-checker.php?path=%2Fhome3%2Fbmscom%2Fmail%2F.judy%40jujusmooth_com HTTP/1.1" 200 1645 "http://ireg.bms69.com/email-checker.php?path=%2Fhome3%2Fbmscom%2Fmail" "Mozilla/5.0 AppleWebKit/537.36 (KHTML, like Gecko; compatible; GPTBot/1.3; +https://openai.com/gptbot)"
74.7.227.136 - - [12/Mar/2026:12:29:24 +0000] "GET /storage/framework/?MA HTTP/1.1" 200 669 "http://ireg.bms69.com/storage/framework/?ND" "Mozilla/5.0 AppleWebKit/537.36 (KHTML, like Gecko; compatible; GPTBot/1.3; +https://openai.com/gptbot)"
74.7.227.136 - - [12/Mar/2026:12:29:26 +0000] "GET /storage/framework/?MD HTTP/1.1" 200 670 "http://ireg.bms69.com/storage/framework/?MA" "Mozilla/5.0 AppleWebKit/537.36 (KHTML, like Gecko; compatible; GPTBot/1.3; +https://openai.com/gptbot)"
74.7.227.136 - - [12/Mar/2026:12:29:29 +0000] "GET /email-checker.php?path=%2Fhome3%2Fbmscom%2Fmail%2F.techsupport%40jupinno_com HTTP/1.1" 200 1610 "http://ireg.bms69.com/email-checker.php?path=%2Fhome3%2Fbmscom%2Fmail" "Mozilla/5.0 AppleWebKit/537.36 (KHTML, like Gecko; compatible; GPTBot/1.3; +https://openai.com/gptbot)"
74.7.227.136 - - [12/Mar/2026:12:29:31 +0000] "GET /resources/views/ru/Installer/Partials/?ND HTTP/1.1" 200 645 "http://ireg.bms69.com/resources/views/ru/Installer/Partials/" "Mozilla/5.0 AppleWebKit/537.36 (KHTML, like Gecko; compatible; GPTBot/1.3; +https://openai.com/gptbot)"
74.7.227.136 - - [12/Mar/2026:12:29:34 +0000] "GET /resources/views/ru/Installer/Partials/?SA HTTP/1.1" 200 650 "http://ireg.bms69.com/resources/views/ru/Installer/Partials/" "Mozilla/5.0 AppleWebKit/537.36 (KHTML, like Gecko; compatible; GPTBot/1.3; +https://openai.com/gptbot)"
74.7.227.136 - - [12/Mar/2026:12:29:38 +0000] "GET /resources/views/ru/Installer/Partials/?MA HTTP/1.1" 200 651 "http://ireg.bms69.com/resources/views/ru/Installer/Partials/" "Mozilla/5.0 AppleWebKit/537.36 (KHTML, like Gecko; compatible; GPTBot/1.3; +https://openai.com/gptbot)"
74.7.227.136 - - [12/Mar/2026:12:29:41 +0000] "GET /resources/views/Shared/Partials/PoweredBy.blade.php HTTP/1.1" 200 183 "http://ireg.bms69.com/resources/views/Shared/Partials/" "Mozilla/5.0 AppleWebKit/537.36 (KHTML, like Gecko; compatible; GPTBot/1.3; +https://openai.com/gptbot)"
74.7.242.18 - - [12/Mar/2026:12:29:42 +0000] "GET /storage/framework/?MA HTTP/1.1" 200 669 "http://www.ireg.bms69.com/storage/framework/" "Mozilla/5.0 AppleWebKit/537.36 (KHTML, like Gecko; compatible; GPTBot/1.3; +https://openai.com/gptbot)"
74.7.227.136 - - [12/Mar/2026:12:29:45 +0000] "GET /resources/lang/en/?MD HTTP/1.1" 200 1661 "http://ireg.bms69.com/resources/lang/en/?MA" "Mozilla/5.0 AppleWebKit/537.36 (KHTML, like Gecko; compatible; GPTBot/1.3; +https://openai.com/gptbot)"
74.7.227.136 - - [12/Mar/2026:12:29:47 +0000] "GET /resources/lang/en/?SD HTTP/1.1" 200 1634 "http://ireg.bms69.com/resources/lang/en/?SA" "Mozilla/5.0 AppleWebKit/537.36 (KHTML, like Gecko; compatible; GPTBot/1.3; +https://openai.com/gptbot)"
74.7.227.136 - - [12/Mar/2026:12:29:50 +0000] "GET /resources/lang/en/?NA HTTP/1.1" 200 1642 "http://ireg.bms69.com/resources/lang/en/?MA" "Mozilla/5.0 AppleWebKit/537.36 (KHTML, like Gecko; compatible; GPTBot/1.3; +https://openai.com/gptbot)"
