185.191.171.5 - - [12/Mar/2026:18:14:25 +0000] "GET /item/4863172 HTTP/1.1" 500 277 "-" "Mozilla/5.0 (compatible; SemrushBot/7~bl; +http://www.semrush.com/bot.html)"
216.73.216.126 - - [12/Mar/2026:18:14:30 +0000] "GET /item/4662609 HTTP/2" 500 981 "-" "Mozilla/5.0 AppleWebKit/537.36 (KHTML, like Gecko; compatible; ClaudeBot/1.0; +claudebot@anthropic.com)"
216.73.216.126 - - [12/Mar/2026:18:14:35 +0000] "GET /item/4161537 HTTP/2" 500 981 "-" "Mozilla/5.0 AppleWebKit/537.36 (KHTML, like Gecko; compatible; ClaudeBot/1.0; +claudebot@anthropic.com)"
216.73.216.126 - - [12/Mar/2026:18:14:40 +0000] "GET /item/4939379 HTTP/2" 500 981 "-" "Mozilla/5.0 AppleWebKit/537.36 (KHTML, like Gecko; compatible; ClaudeBot/1.0; +claudebot@anthropic.com)"
52.167.144.21 - - [12/Mar/2026:18:11:23 +0000] "GET /item/4763372 HTTP/2" 200 25642 "-" "Mozilla/5.0 AppleWebKit/537.36 (KHTML, like Gecko; compatible; bingbot/2.0; +http://www.bing.com/bingbot.htm) Chrome/116.0.1938.76 Safari/537.36"
40.77.167.41 - - [12/Mar/2026:18:11:42 +0000] "GET /item/4062958 HTTP/2" 200 22355 "-" "Mozilla/5.0 AppleWebKit/537.36 (KHTML, like Gecko; compatible; bingbot/2.0; +http://www.bing.com/bingbot.htm) Chrome/116.0.1938.76 Safari/537.36"
52.167.144.202 - - [12/Mar/2026:18:12:03 +0000] "GET /item/1179970 HTTP/2" 200 23520 "-" "Mozilla/5.0 AppleWebKit/537.36 (KHTML, like Gecko; compatible; bingbot/2.0; +http://www.bing.com/bingbot.htm) Chrome/116.0.1938.76 Safari/537.36"
52.167.144.202 - - [12/Mar/2026:18:12:03 +0000] "GET /item/1522036 HTTP/2" 200 22966 "-" "Mozilla/5.0 AppleWebKit/537.36 (KHTML, like Gecko; compatible; bingbot/2.0; +http://www.bing.com/bingbot.htm) Chrome/116.0.1938.76 Safari/537.36"
52.167.144.21 - - [12/Mar/2026:18:12:14 +0000] "GET /item/5177884 HTTP/2" 200 24179 "-" "Mozilla/5.0 AppleWebKit/537.36 (KHTML, like Gecko; compatible; bingbot/2.0; +http://www.bing.com/bingbot.htm) Chrome/116.0.1938.76 Safari/537.36"
40.77.167.4 - - [12/Mar/2026:18:12:38 +0000] "GET /item/1448677 HTTP/2" 200 23347 "-" "Mozilla/5.0 AppleWebKit/537.36 (KHTML, like Gecko; compatible; bingbot/2.0; +http://www.bing.com/bingbot.htm) Chrome/116.0.1938.76 Safari/537.36"
40.77.167.4 - - [12/Mar/2026:18:12:39 +0000] "GET /item/1761487 HTTP/2" 200 23321 "-" "Mozilla/5.0 AppleWebKit/537.36 (KHTML, like Gecko; compatible; bingbot/2.0; +http://www.bing.com/bingbot.htm) Chrome/116.0.1938.76 Safari/537.36"
52.167.144.21 - - [12/Mar/2026:18:12:52 +0000] "GET /item/3212182 HTTP/2" 200 23060 "-" "Mozilla/5.0 AppleWebKit/537.36 (KHTML, like Gecko; compatible; bingbot/2.0; +http://www.bing.com/bingbot.htm) Chrome/116.0.1938.76 Safari/537.36"
40.77.167.14 - - [12/Mar/2026:18:12:56 +0000] "GET /item/4797180 HTTP/2" 200 23873 "-" "Mozilla/5.0 AppleWebKit/537.36 (KHTML, like Gecko; compatible; bingbot/2.0; +http://www.bing.com/bingbot.htm) Chrome/116.0.1938.76 Safari/537.36"
40.77.167.14 - - [12/Mar/2026:18:12:57 +0000] "GET /item/2583598 HTTP/2" 200 22236 "-" "Mozilla/5.0 AppleWebKit/537.36 (KHTML, like Gecko; compatible; bingbot/2.0; +http://www.bing.com/bingbot.htm) Chrome/116.0.1938.76 Safari/537.36"
40.77.167.14 - - [12/Mar/2026:18:13:17 +0000] "GET /item/4005387 HTTP/2" 200 23785 "-" "Mozilla/5.0 AppleWebKit/537.36 (KHTML, like Gecko; compatible; bingbot/2.0; +http://www.bing.com/bingbot.htm) Chrome/116.0.1938.76 Safari/537.36"
185.191.171.18 - - [12/Mar/2026:18:13:25 +0000] "GET /item/4563117 HTTP/1.1" 500 277 "-" "Mozilla/5.0 (compatible; SemrushBot/7~bl; +http://www.semrush.com/bot.html)"
216.73.216.126 - - [12/Mar/2026:18:15:00 +0000] "GET /item/5246925 HTTP/2" 500 981 "-" "Mozilla/5.0 AppleWebKit/537.36 (KHTML, like Gecko; compatible; ClaudeBot/1.0; +claudebot@anthropic.com)"
216.73.216.126 - - [12/Mar/2026:18:15:05 +0000] "GET /item/4695782 HTTP/2" 500 981 "-" "Mozilla/5.0 AppleWebKit/537.36 (KHTML, like Gecko; compatible; ClaudeBot/1.0; +claudebot@anthropic.com)"
216.73.216.126 - - [12/Mar/2026:18:15:10 +0000] "GET /item/2567389 HTTP/2" 500 981 "-" "Mozilla/5.0 AppleWebKit/537.36 (KHTML, like Gecko; compatible; ClaudeBot/1.0; +claudebot@anthropic.com)"
216.73.216.126 - - [12/Mar/2026:18:15:15 +0000] "GET /item/5412276 HTTP/2" 500 981 "-" "Mozilla/5.0 AppleWebKit/537.36 (KHTML, like Gecko; compatible; ClaudeBot/1.0; +claudebot@anthropic.com)"
216.73.216.126 - - [12/Mar/2026:18:15:20 +0000] "GET /item/4141539 HTTP/2" 500 981 "-" "Mozilla/5.0 AppleWebKit/537.36 (KHTML, like Gecko; compatible; ClaudeBot/1.0; +claudebot@anthropic.com)"
216.73.216.126 - - [12/Mar/2026:18:15:25 +0000] "GET /item/5419088 HTTP/2" 500 981 "-" "Mozilla/5.0 AppleWebKit/537.36 (KHTML, like Gecko; compatible; ClaudeBot/1.0; +claudebot@anthropic.com)"
85.208.96.207 - - [12/Mar/2026:18:15:26 +0000] "GET /item/3854220 HTTP/1.1" 500 277 "-" "Mozilla/5.0 (compatible; SemrushBot/7~bl; +http://www.semrush.com/bot.html)"
216.73.216.126 - - [12/Mar/2026:18:15:30 +0000] "GET /item/4214023 HTTP/2" 500 981 "-" "Mozilla/5.0 AppleWebKit/537.36 (KHTML, like Gecko; compatible; ClaudeBot/1.0; +claudebot@anthropic.com)"
216.73.216.126 - - [12/Mar/2026:18:15:35 +0000] "GET /item/4975139 HTTP/2" 500 981 "-" "Mozilla/5.0 AppleWebKit/537.36 (KHTML, like Gecko; compatible; ClaudeBot/1.0; +claudebot@anthropic.com)"
216.73.216.126 - - [12/Mar/2026:18:15:40 +0000] "GET /item/3147837 HTTP/2" 500 981 "-" "Mozilla/5.0 AppleWebKit/537.36 (KHTML, like Gecko; compatible; ClaudeBot/1.0; +claudebot@anthropic.com)"
216.73.216.126 - - [12/Mar/2026:18:15:45 +0000] "GET /item/3157912 HTTP/2" 500 981 "-" "Mozilla/5.0 AppleWebKit/537.36 (KHTML, like Gecko; compatible; ClaudeBot/1.0; +claudebot@anthropic.com)"
216.73.216.126 - - [12/Mar/2026:18:15:50 +0000] "GET /item/2549878 HTTP/2" 500 981 "-" "Mozilla/5.0 AppleWebKit/537.36 (KHTML, like Gecko; compatible; ClaudeBot/1.0; +claudebot@anthropic.com)"
216.73.216.126 - - [12/Mar/2026:18:15:55 +0000] "GET /item/3943815 HTTP/2" 500 981 "-" "Mozilla/5.0 AppleWebKit/537.36 (KHTML, like Gecko; compatible; ClaudeBot/1.0; +claudebot@anthropic.com)"
216.73.216.126 - - [12/Mar/2026:18:16:00 +0000] "GET /item/4135268 HTTP/2" 500 981 "-" "Mozilla/5.0 AppleWebKit/537.36 (KHTML, like Gecko; compatible; ClaudeBot/1.0; +claudebot@anthropic.com)"
216.73.216.126 - - [12/Mar/2026:18:16:05 +0000] "GET /item/3125600 HTTP/2" 500 981 "-" "Mozilla/5.0 AppleWebKit/537.36 (KHTML, like Gecko; compatible; ClaudeBot/1.0; +claudebot@anthropic.com)"
216.73.216.126 - - [12/Mar/2026:18:16:10 +0000] "GET /item/5348575 HTTP/2" 500 981 "-" "Mozilla/5.0 AppleWebKit/537.36 (KHTML, like Gecko; compatible; ClaudeBot/1.0; +claudebot@anthropic.com)"
216.73.216.126 - - [12/Mar/2026:18:16:15 +0000] "GET /item/2436453 HTTP/2" 500 981 "-" "Mozilla/5.0 AppleWebKit/537.36 (KHTML, like Gecko; compatible; ClaudeBot/1.0; +claudebot@anthropic.com)"
216.73.216.126 - - [12/Mar/2026:18:16:20 +0000] "GET /item/2658669 HTTP/2" 500 981 "-" "Mozilla/5.0 AppleWebKit/537.36 (KHTML, like Gecko; compatible; ClaudeBot/1.0; +claudebot@anthropic.com)"
216.73.216.126 - - [12/Mar/2026:18:16:25 +0000] "GET /item/5317803 HTTP/2" 500 981 "-" "Mozilla/5.0 AppleWebKit/537.36 (KHTML, like Gecko; compatible; ClaudeBot/1.0; +claudebot@anthropic.com)"
85.208.96.197 - - [12/Mar/2026:18:16:27 +0000] "GET /item/4407133 HTTP/1.1" 500 277 "-" "Mozilla/5.0 (compatible; SemrushBot/7~bl; +http://www.semrush.com/bot.html)"
216.73.216.126 - - [12/Mar/2026:18:16:30 +0000] "GET /item/2777923 HTTP/2" 500 981 "-" "Mozilla/5.0 AppleWebKit/537.36 (KHTML, like Gecko; compatible; ClaudeBot/1.0; +claudebot@anthropic.com)"
216.73.216.126 - - [12/Mar/2026:18:16:35 +0000] "GET /item/4816195 HTTP/2" 500 981 "-" "Mozilla/5.0 AppleWebKit/537.36 (KHTML, like Gecko; compatible; ClaudeBot/1.0; +claudebot@anthropic.com)"
216.73.216.126 - - [12/Mar/2026:18:16:40 +0000] "GET /item/2812226 HTTP/2" 500 981 "-" "Mozilla/5.0 AppleWebKit/537.36 (KHTML, like Gecko; compatible; ClaudeBot/1.0; +claudebot@anthropic.com)"
216.73.216.126 - - [12/Mar/2026:18:16:45 +0000] "GET /item/2793315 HTTP/2" 500 981 "-" "Mozilla/5.0 AppleWebKit/537.36 (KHTML, like Gecko; compatible; ClaudeBot/1.0; +claudebot@anthropic.com)"
216.73.216.126 - - [12/Mar/2026:18:16:50 +0000] "GET /item/3941128 HTTP/2" 500 981 "-" "Mozilla/5.0 AppleWebKit/537.36 (KHTML, like Gecko; compatible; ClaudeBot/1.0; +claudebot@anthropic.com)"
74.7.227.163 - - [12/Mar/2026:18:16:53 +0000] "GET /item/4856063 HTTP/2" 500 981 "https://km104.com/sitemap-9.xml" "Mozilla/5.0 AppleWebKit/537.36 (KHTML, like Gecko; compatible; GPTBot/1.3; +https://openai.com/gptbot)"
216.73.216.126 - - [12/Mar/2026:18:16:55 +0000] "GET /item/3078949 HTTP/2" 500 981 "-" "Mozilla/5.0 AppleWebKit/537.36 (KHTML, like Gecko; compatible; ClaudeBot/1.0; +claudebot@anthropic.com)"
216.73.216.126 - - [12/Mar/2026:18:17:00 +0000] "GET /item/3111287 HTTP/2" 500 981 "-" "Mozilla/5.0 AppleWebKit/537.36 (KHTML, like Gecko; compatible; ClaudeBot/1.0; +claudebot@anthropic.com)"
216.73.216.126 - - [12/Mar/2026:18:14:45 +0000] "GET /item/3638099 HTTP/2" 500 981 "-" "Mozilla/5.0 AppleWebKit/537.36 (KHTML, like Gecko; compatible; ClaudeBot/1.0; +claudebot@anthropic.com)"
216.73.216.126 - - [12/Mar/2026:18:14:50 +0000] "GET /item/2518620 HTTP/2" 500 981 "-" "Mozilla/5.0 AppleWebKit/537.36 (KHTML, like Gecko; compatible; ClaudeBot/1.0; +claudebot@anthropic.com)"
216.73.216.126 - - [12/Mar/2026:18:14:55 +0000] "GET /item/4348314 HTTP/2" 500 981 "-" "Mozilla/5.0 AppleWebKit/537.36 (KHTML, like Gecko; compatible; ClaudeBot/1.0; +claudebot@anthropic.com)"
74.7.227.163 - - [12/Mar/2026:18:15:22 +0000] "GET /item/4288093 HTTP/2" 500 981 "https://km104.com/sitemap-6.xml" "Mozilla/5.0 AppleWebKit/537.36 (KHTML, like Gecko; compatible; GPTBot/1.3; +https://openai.com/gptbot)"
66.249.79.68 - - [12/Mar/2026:18:16:12 +0000] "GET /item/3134470 HTTP/1.1" 200 22863 "-" "Mozilla/5.0 (Linux; Android 6.0.1; Nexus 5X Build/MMB29P) AppleWebKit/537.36 (KHTML, like Gecko) Chrome/145.0.7632.116 Mobile Safari/537.36 (compatible; Googlebot/2.1; +http://www.google.com/bot.html)"
52.167.144.203 - - [12/Mar/2026:18:18:25 +0000] "GET /item/4978260 HTTP/2" 200 22724 "-" "Mozilla/5.0 AppleWebKit/537.36 (KHTML, like Gecko; compatible; bingbot/2.0; +http://www.bing.com/bingbot.htm) Chrome/116.0.1938.76 Safari/537.36"
52.167.144.203 - - [12/Mar/2026:18:18:26 +0000] "GET /item/5419519 HTTP/2" 200 25177 "-" "Mozilla/5.0 AppleWebKit/537.36 (KHTML, like Gecko; compatible; bingbot/2.0; +http://www.bing.com/bingbot.htm) Chrome/116.0.1938.76 Safari/537.36"
216.73.216.126 - - [12/Mar/2026:18:18:27 +0000] "GET /item/4310425 HTTP/2" 500 981 "-" "Mozilla/5.0 AppleWebKit/537.36 (KHTML, like Gecko; compatible; ClaudeBot/1.0; +claudebot@anthropic.com)"
185.191.171.19 - - [12/Mar/2026:18:18:27 +0000] "GET /item/4667612 HTTP/1.1" 500 277 "-" "Mozilla/5.0 (compatible; SemrushBot/7~bl; +http://www.semrush.com/bot.html)"
216.73.216.126 - - [12/Mar/2026:18:18:31 +0000] "GET /item/2586122 HTTP/2" 500 981 "-" "Mozilla/5.0 AppleWebKit/537.36 (KHTML, like Gecko; compatible; ClaudeBot/1.0; +claudebot@anthropic.com)"
216.73.216.126 - - [12/Mar/2026:18:18:36 +0000] "GET /item/4988464 HTTP/2" 500 981 "-" "Mozilla/5.0 AppleWebKit/537.36 (KHTML, like Gecko; compatible; ClaudeBot/1.0; +claudebot@anthropic.com)"
216.73.216.126 - - [12/Mar/2026:18:18:41 +0000] "GET /item/5311839 HTTP/2" 500 981 "-" "Mozilla/5.0 AppleWebKit/537.36 (KHTML, like Gecko; compatible; ClaudeBot/1.0; +claudebot@anthropic.com)"
66.249.79.68 - - [12/Mar/2026:18:18:43 +0000] "GET /item/4834266 HTTP/1.1" 200 24117 "-" "Mozilla/5.0 (Linux; Android 6.0.1; Nexus 5X Build/MMB29P) AppleWebKit/537.36 (KHTML, like Gecko) Chrome/145.0.7632.116 Mobile Safari/537.36 (compatible; Googlebot/2.1; +http://www.google.com/bot.html)"
216.73.216.126 - - [12/Mar/2026:18:18:46 +0000] "GET /item/3110929 HTTP/2" 500 981 "-" "Mozilla/5.0 AppleWebKit/537.36 (KHTML, like Gecko; compatible; ClaudeBot/1.0; +claudebot@anthropic.com)"
216.73.216.126 - - [12/Mar/2026:18:18:51 +0000] "GET /item/3994854 HTTP/2" 500 981 "-" "Mozilla/5.0 AppleWebKit/537.36 (KHTML, like Gecko; compatible; ClaudeBot/1.0; +claudebot@anthropic.com)"
216.73.216.126 - - [12/Mar/2026:18:18:56 +0000] "GET /item/3050920 HTTP/2" 500 981 "-" "Mozilla/5.0 AppleWebKit/537.36 (KHTML, like Gecko; compatible; ClaudeBot/1.0; +claudebot@anthropic.com)"
216.73.216.126 - - [12/Mar/2026:18:19:01 +0000] "GET /item/3664862 HTTP/2" 500 981 "-" "Mozilla/5.0 AppleWebKit/537.36 (KHTML, like Gecko; compatible; ClaudeBot/1.0; +claudebot@anthropic.com)"
216.73.216.126 - - [12/Mar/2026:18:19:06 +0000] "GET /item/4714235 HTTP/2" 500 981 "-" "Mozilla/5.0 AppleWebKit/537.36 (KHTML, like Gecko; compatible; ClaudeBot/1.0; +claudebot@anthropic.com)"
216.73.216.126 - - [12/Mar/2026:18:19:11 +0000] "GET /item/4990990 HTTP/2" 500 981 "-" "Mozilla/5.0 AppleWebKit/537.36 (KHTML, like Gecko; compatible; ClaudeBot/1.0; +claudebot@anthropic.com)"
216.73.216.126 - - [12/Mar/2026:18:17:05 +0000] "GET /item/3795916 HTTP/2" 500 981 "-" "Mozilla/5.0 AppleWebKit/537.36 (KHTML, like Gecko; compatible; ClaudeBot/1.0; +claudebot@anthropic.com)"
216.73.216.126 - - [12/Mar/2026:18:17:10 +0000] "GET /item/5244676 HTTP/2" 500 981 "-" "Mozilla/5.0 AppleWebKit/537.36 (KHTML, like Gecko; compatible; ClaudeBot/1.0; +claudebot@anthropic.com)"
216.73.216.126 - - [12/Mar/2026:18:17:15 +0000] "GET /item/5410387 HTTP/2" 500 981 "-" "Mozilla/5.0 AppleWebKit/537.36 (KHTML, like Gecko; compatible; ClaudeBot/1.0; +claudebot@anthropic.com)"
216.73.216.126 - - [12/Mar/2026:18:17:20 +0000] "GET /item/2542593 HTTP/2" 500 981 "-" "Mozilla/5.0 AppleWebKit/537.36 (KHTML, like Gecko; compatible; ClaudeBot/1.0; +claudebot@anthropic.com)"
216.73.216.126 - - [12/Mar/2026:18:17:25 +0000] "GET /item/4962547 HTTP/2" 500 981 "-" "Mozilla/5.0 AppleWebKit/537.36 (KHTML, like Gecko; compatible; ClaudeBot/1.0; +claudebot@anthropic.com)"
85.208.96.207 - - [12/Mar/2026:18:17:27 +0000] "GET /item/2748955 HTTP/1.1" 500 277 "-" "Mozilla/5.0 (compatible; SemrushBot/7~bl; +http://www.semrush.com/bot.html)"
216.73.216.126 - - [12/Mar/2026:18:17:30 +0000] "GET /item/5002943 HTTP/2" 500 981 "-" "Mozilla/5.0 AppleWebKit/537.36 (KHTML, like Gecko; compatible; ClaudeBot/1.0; +claudebot@anthropic.com)"
216.73.216.126 - - [12/Mar/2026:18:17:35 +0000] "GET /item/4693917 HTTP/2" 500 981 "-" "Mozilla/5.0 AppleWebKit/537.36 (KHTML, like Gecko; compatible; ClaudeBot/1.0; +claudebot@anthropic.com)"
216.73.216.126 - - [12/Mar/2026:18:17:40 +0000] "GET /item/4534443 HTTP/2" 500 981 "-" "Mozilla/5.0 AppleWebKit/537.36 (KHTML, like Gecko; compatible; ClaudeBot/1.0; +claudebot@anthropic.com)"
216.73.216.126 - - [12/Mar/2026:18:17:46 +0000] "GET /item/2686062 HTTP/2" 500 981 "-" "Mozilla/5.0 AppleWebKit/537.36 (KHTML, like Gecko; compatible; ClaudeBot/1.0; +claudebot@anthropic.com)"
216.73.216.126 - - [12/Mar/2026:18:17:50 +0000] "GET /item/2818077 HTTP/2" 500 981 "-" "Mozilla/5.0 AppleWebKit/537.36 (KHTML, like Gecko; compatible; ClaudeBot/1.0; +claudebot@anthropic.com)"
216.73.216.126 - - [12/Mar/2026:18:17:55 +0000] "GET /item/2588310 HTTP/2" 500 981 "-" "Mozilla/5.0 AppleWebKit/537.36 (KHTML, like Gecko; compatible; ClaudeBot/1.0; +claudebot@anthropic.com)"
216.73.216.126 - - [12/Mar/2026:18:18:00 +0000] "GET /item/3180712 HTTP/2" 500 981 "-" "Mozilla/5.0 AppleWebKit/537.36 (KHTML, like Gecko; compatible; ClaudeBot/1.0; +claudebot@anthropic.com)"
216.73.216.126 - - [12/Mar/2026:18:18:05 +0000] "GET /item/3021514 HTTP/2" 500 981 "-" "Mozilla/5.0 AppleWebKit/537.36 (KHTML, like Gecko; compatible; ClaudeBot/1.0; +claudebot@anthropic.com)"
216.73.216.126 - - [12/Mar/2026:18:18:10 +0000] "GET /item/4815611 HTTP/2" 500 981 "-" "Mozilla/5.0 AppleWebKit/537.36 (KHTML, like Gecko; compatible; ClaudeBot/1.0; +claudebot@anthropic.com)"
216.73.216.126 - - [12/Mar/2026:18:18:15 +0000] "GET /item/3227238 HTTP/2" 500 981 "-" "Mozilla/5.0 AppleWebKit/537.36 (KHTML, like Gecko; compatible; ClaudeBot/1.0; +claudebot@anthropic.com)"
216.73.216.126 - - [12/Mar/2026:18:18:20 +0000] "GET /item/5009778 HTTP/2" 500 981 "-" "Mozilla/5.0 AppleWebKit/537.36 (KHTML, like Gecko; compatible; ClaudeBot/1.0; +claudebot@anthropic.com)"
74.7.227.163 - - [12/Mar/2026:18:18:26 +0000] "GET /item/3448246 HTTP/2" 500 981 "https://km104.com/sitemap-3.xml" "Mozilla/5.0 AppleWebKit/537.36 (KHTML, like Gecko; compatible; GPTBot/1.3; +https://openai.com/gptbot)"
40.77.167.14 - - [12/Mar/2026:18:18:46 +0000] "GET /item/2490974 HTTP/2" 200 23064 "-" "Mozilla/5.0 AppleWebKit/537.36 (KHTML, like Gecko; compatible; bingbot/2.0; +http://www.bing.com/bingbot.htm) Chrome/116.0.1938.76 Safari/537.36"
40.77.167.47 - - [12/Mar/2026:18:18:50 +0000] "GET /item/3485116 HTTP/2" 200 22672 "-" "Mozilla/5.0 AppleWebKit/537.36 (KHTML, like Gecko; compatible; bingbot/2.0; +http://www.bing.com/bingbot.htm) Chrome/116.0.1938.76 Safari/537.36"
216.73.216.126 - - [12/Mar/2026:18:19:16 +0000] "GET /item/3506372 HTTP/2" 500 981 "-" "Mozilla/5.0 AppleWebKit/537.36 (KHTML, like Gecko; compatible; ClaudeBot/1.0; +claudebot@anthropic.com)"
216.73.216.126 - - [12/Mar/2026:18:19:21 +0000] "GET /item/2730125 HTTP/2" 500 981 "-" "Mozilla/5.0 AppleWebKit/537.36 (KHTML, like Gecko; compatible; ClaudeBot/1.0; +claudebot@anthropic.com)"
216.73.216.126 - - [12/Mar/2026:18:19:27 +0000] "GET /item/3939049 HTTP/2" 500 981 "-" "Mozilla/5.0 AppleWebKit/537.36 (KHTML, like Gecko; compatible; ClaudeBot/1.0; +claudebot@anthropic.com)"
216.73.216.126 - - [12/Mar/2026:18:19:31 +0000] "GET /item/2969827 HTTP/2" 500 981 "-" "Mozilla/5.0 AppleWebKit/537.36 (KHTML, like Gecko; compatible; ClaudeBot/1.0; +claudebot@anthropic.com)"
216.73.216.126 - - [12/Mar/2026:18:19:36 +0000] "GET /item/2816976 HTTP/2" 500 981 "-" "Mozilla/5.0 AppleWebKit/537.36 (KHTML, like Gecko; compatible; ClaudeBot/1.0; +claudebot@anthropic.com)"
216.73.216.126 - - [12/Mar/2026:18:19:41 +0000] "GET /item/3800978 HTTP/2" 500 981 "-" "Mozilla/5.0 AppleWebKit/537.36 (KHTML, like Gecko; compatible; ClaudeBot/1.0; +claudebot@anthropic.com)"
216.73.216.126 - - [12/Mar/2026:18:19:46 +0000] "GET /item/5136340 HTTP/2" 500 981 "-" "Mozilla/5.0 AppleWebKit/537.36 (KHTML, like Gecko; compatible; ClaudeBot/1.0; +claudebot@anthropic.com)"
20.205.226.191 - - [12/Mar/2026:18:19:52 +0000] "GET /.trash7206/index.php HTTP/1.1" 406 779 "-" "Mozilla/5.0 (Windows NT 10.0; Win64; x64) AppleWebKit/537.36 (KHTML, like Gecko) Chrome/120.0.0.0 Safari/537.36"
20.205.226.191 - - [12/Mar/2026:18:19:52 +0000] "GET /.well-known/logs233/index.php?p= HTTP/1.1" 500 981 "-" "Mozilla/5.0 (Windows NT 10.0; Win64; x64) AppleWebKit/537.36 (KHTML, like Gecko) Chrome/120.0.0.0 Safari/537.36"
20.205.226.191 - - [12/Mar/2026:18:19:53 +0000] "GET /wp-content/themes/haha.php HTTP/1.1" 500 981 "-" "Mozilla/5.0 (Windows NT 10.0; Win64; x64) AppleWebKit/537.36 (KHTML, like Gecko) Chrome/120.0.0.0 Safari/537.36"
20.205.226.191 - - [12/Mar/2026:18:19:53 +0000] "GET /wp-content/themes/theme/about.php HTTP/1.1" 500 981 "-" "Mozilla/5.0 (Windows NT 10.0; Win64; x64) AppleWebKit/537.36 (KHTML, like Gecko) Chrome/120.0.0.0 Safari/537.36"
20.205.226.191 - - [12/Mar/2026:18:19:53 +0000] "GET /wp-content/plugins/plugin/index.php HTTP/1.1" 500 981 "-" "Mozilla/5.0 (Windows NT 10.0; Win64; x64) AppleWebKit/537.36 (KHTML, like Gecko) Chrome/120.0.0.0 Safari/537.36"
20.205.226.191 - - [12/Mar/2026:18:19:54 +0000] "GET /xmr.php HTTP/1.1" 500 981 "-" "Mozilla/5.0 (Windows NT 10.0; Win64; x64) AppleWebKit/537.36 (KHTML, like Gecko) Chrome/120.0.0.0 Safari/537.36"
20.205.226.191 - - [12/Mar/2026:18:19:54 +0000] "GET /about.php HTTP/1.1" 500 981 "-" "Mozilla/5.0 (Windows NT 10.0; Win64; x64) AppleWebKit/537.36 (KHTML, like Gecko) Chrome/120.0.0.0 Safari/537.36"
20.205.226.191 - - [12/Mar/2026:18:19:54 +0000] "GET /admin.php HTTP/1.1" 500 981 "-" "Mozilla/5.0 (Windows NT 10.0; Win64; x64) AppleWebKit/537.36 (KHTML, like Gecko) Chrome/120.0.0.0 Safari/537.36"
20.205.226.191 - - [12/Mar/2026:18:19:55 +0000] "GET /adminfuns.php HTTP/1.1" 500 981 "-" "Mozilla/5.0 (Windows NT 10.0; Win64; x64) AppleWebKit/537.36 (KHTML, like Gecko) Chrome/120.0.0.0 Safari/537.36"
20.205.226.191 - - [12/Mar/2026:18:19:55 +0000] "GET /as.php HTTP/1.1" 500 981 "-" "Mozilla/5.0 (Windows NT 10.0; Win64; x64) AppleWebKit/537.36 (KHTML, like Gecko) Chrome/120.0.0.0 Safari/537.36"
20.205.226.191 - - [12/Mar/2026:18:19:55 +0000] "GET /bolt.php HTTP/1.1" 500 981 "-" "Mozilla/5.0 (Windows NT 10.0; Win64; x64) AppleWebKit/537.36 (KHTML, like Gecko) Chrome/120.0.0.0 Safari/537.36"
20.205.226.191 - - [12/Mar/2026:18:19:56 +0000] "GET /cgi-bin/ HTTP/1.1" 403 1242 "-" "Mozilla/5.0 (Windows NT 10.0; Win64; x64) AppleWebKit/537.36 (KHTML, like Gecko) Chrome/120.0.0.0 Safari/537.36"
20.205.226.191 - - [12/Mar/2026:18:19:56 +0000] "GET /class-t.api.php HTTP/1.1" 500 981 "-" "Mozilla/5.0 (Windows NT 10.0; Win64; x64) AppleWebKit/537.36 (KHTML, like Gecko) Chrome/120.0.0.0 Safari/537.36"
20.205.226.191 - - [12/Mar/2026:18:19:56 +0000] "GET /edit.php HTTP/1.1" 500 981 "-" "Mozilla/5.0 (Windows NT 10.0; Win64; x64) AppleWebKit/537.36 (KHTML, like Gecko) Chrome/120.0.0.0 Safari/537.36"
20.205.226.191 - - [12/Mar/2026:18:19:57 +0000] "GET /ff1.php HTTP/1.1" 500 981 "-" "Mozilla/5.0 (Windows NT 10.0; Win64; x64) AppleWebKit/537.36 (KHTML, like Gecko) Chrome/120.0.0.0 Safari/537.36"
20.205.226.191 - - [12/Mar/2026:18:19:57 +0000] "GET /fff.php HTTP/1.1" 500 981 "-" "Mozilla/5.0 (Windows NT 10.0; Win64; x64) AppleWebKit/537.36 (KHTML, like Gecko) Chrome/120.0.0.0 Safari/537.36"
20.205.226.191 - - [12/Mar/2026:18:19:57 +0000] "GET /inputs.php?p= HTTP/1.1" 500 981 "-" "Mozilla/5.0 (Windows NT 10.0; Win64; x64) AppleWebKit/537.36 (KHTML, like Gecko) Chrome/120.0.0.0 Safari/537.36"
20.205.226.191 - - [12/Mar/2026:18:19:58 +0000] "GET /ioxi-o.php HTTP/1.1" 500 981 "-" "Mozilla/5.0 (Windows NT 10.0; Win64; x64) AppleWebKit/537.36 (KHTML, like Gecko) Chrome/120.0.0.0 Safari/537.36"
20.205.226.191 - - [12/Mar/2026:18:19:58 +0000] "GET /lite.php HTTP/1.1" 500 981 "-" "Mozilla/5.0 (Windows NT 10.0; Win64; x64) AppleWebKit/537.36 (KHTML, like Gecko) Chrome/120.0.0.0 Safari/537.36"
20.205.226.191 - - [12/Mar/2026:18:19:58 +0000] "GET /ms-edit.php HTTP/1.1" 500 981 "-" "Mozilla/5.0 (Windows NT 10.0; Win64; x64) AppleWebKit/537.36 (KHTML, like Gecko) Chrome/120.0.0.0 Safari/537.36"
20.205.226.191 - - [12/Mar/2026:18:19:59 +0000] "GET /rip.php HTTP/1.1" 500 981 "-" "Mozilla/5.0 (Windows NT 10.0; Win64; x64) AppleWebKit/537.36 (KHTML, like Gecko) Chrome/120.0.0.0 Safari/537.36"
20.205.226.191 - - [12/Mar/2026:18:19:59 +0000] "GET /update/da222.php HTTP/1.1" 500 981 "-" "Mozilla/5.0 (Windows NT 10.0; Win64; x64) AppleWebKit/537.36 (KHTML, like Gecko) Chrome/120.0.0.0 Safari/537.36"
20.205.226.191 - - [12/Mar/2026:18:19:59 +0000] "GET /upload.php HTTP/1.1" 500 981 "-" "Mozilla/5.0 (Windows NT 10.0; Win64; x64) AppleWebKit/537.36 (KHTML, like Gecko) Chrome/120.0.0.0 Safari/537.36"
20.205.226.191 - - [12/Mar/2026:18:20:00 +0000] "GET /wk/index.php HTTP/1.1" 500 981 "-" "Mozilla/5.0 (Windows NT 10.0; Win64; x64) AppleWebKit/537.36 (KHTML, like Gecko) Chrome/120.0.0.0 Safari/537.36"
20.205.226.191 - - [12/Mar/2026:18:20:00 +0000] "GET /wp-act.php HTTP/1.1" 500 981 "-" "Mozilla/5.0 (Windows NT 10.0; Win64; x64) AppleWebKit/537.36 (KHTML, like Gecko) Chrome/120.0.0.0 Safari/537.36"
20.205.226.191 - - [12/Mar/2026:18:20:00 +0000] "GET /wp-admin/css/bolt.php HTTP/1.1" 406 779 "-" "Mozilla/5.0 (Windows NT 10.0; Win64; x64) AppleWebKit/537.36 (KHTML, like Gecko) Chrome/120.0.0.0 Safari/537.36"
20.205.226.191 - - [12/Mar/2026:18:20:01 +0000] "GET /wp-admin/js/ HTTP/1.1" 200 3560 "-" "Mozilla/5.0 (Windows NT 10.0; Win64; x64) AppleWebKit/537.36 (KHTML, like Gecko) Chrome/120.0.0.0 Safari/537.36"
20.205.226.191 - - [12/Mar/2026:18:20:01 +0000] "GET /wp-admin/js/widgets/ HTTP/1.1" 200 1321 "-" "Mozilla/5.0 (Windows NT 10.0; Win64; x64) AppleWebKit/537.36 (KHTML, like Gecko) Chrome/120.0.0.0 Safari/537.36"
20.205.226.191 - - [12/Mar/2026:18:20:01 +0000] "GET /wp-admin/maint/ HTTP/1.1" 200 673 "-" "Mozilla/5.0 (Windows NT 10.0; Win64; x64) AppleWebKit/537.36 (KHTML, like Gecko) Chrome/120.0.0.0 Safari/537.36"
20.205.226.191 - - [12/Mar/2026:18:20:01 +0000] "GET /wp-admin/ HTTP/1.1" 500 981 "-" "Mozilla/5.0 (Windows NT 10.0; Win64; x64) AppleWebKit/537.36 (KHTML, like Gecko) Chrome/120.0.0.0 Safari/537.36"
20.205.226.191 - - [12/Mar/2026:18:20:02 +0000] "GET /wp-content/themes/ HTTP/1.1" 200 0 "-" "Mozilla/5.0 (Windows NT 10.0; Win64; x64) AppleWebKit/537.36 (KHTML, like Gecko) Chrome/120.0.0.0 Safari/537.36"
20.205.226.191 - - [12/Mar/2026:18:20:02 +0000] "GET /wp-content/themes/admin.php HTTP/1.1" 500 981 "-" "Mozilla/5.0 (Windows NT 10.0; Win64; x64) AppleWebKit/537.36 (KHTML, like Gecko) Chrome/120.0.0.0 Safari/537.36"
20.205.226.191 - - [12/Mar/2026:18:20:02 +0000] "GET /wp-content/uploads/ HTTP/1.1" 406 779 "-" "Mozilla/5.0 (Windows NT 10.0; Win64; x64) AppleWebKit/537.36 (KHTML, like Gecko) Chrome/120.0.0.0 Safari/537.36"
20.205.226.191 - - [12/Mar/2026:18:20:02 +0000] "GET /wp-content/uploads/admin.php HTTP/1.1" 406 779 "-" "Mozilla/5.0 (Windows NT 10.0; Win64; x64) AppleWebKit/537.36 (KHTML, like Gecko) Chrome/120.0.0.0 Safari/537.36"
20.205.226.191 - - [12/Mar/2026:18:20:03 +0000] "GET /wp-includes/ HTTP/1.1" 200 9111 "-" "Mozilla/5.0 (Windows NT 10.0; Win64; x64) AppleWebKit/537.36 (KHTML, like Gecko) Chrome/120.0.0.0 Safari/537.36"
20.205.226.191 - - [12/Mar/2026:18:20:03 +0000] "GET /wp-includes/js/crop/ HTTP/1.1" 200 749 "-" "Mozilla/5.0 (Windows NT 10.0; Win64; x64) AppleWebKit/537.36 (KHTML, like Gecko) Chrome/120.0.0.0 Safari/537.36"
20.205.226.191 - - [12/Mar/2026:18:20:03 +0000] "GET /wp-links-opml.php HTTP/1.1" 500 981 "-" "Mozilla/5.0 (Windows NT 10.0; Win64; x64) AppleWebKit/537.36 (KHTML, like Gecko) Chrome/120.0.0.0 Safari/537.36"
185.191.171.6 - - [12/Mar/2026:18:20:29 +0000] "GET /item/2559651 HTTP/1.1" 500 277 "-" "Mozilla/5.0 (compatible; SemrushBot/7~bl; +http://www.semrush.com/bot.html)"
185.191.171.8 - - [12/Mar/2026:18:19:28 +0000] "GET /item/5398869 HTTP/1.1" 500 277 "-" "Mozilla/5.0 (compatible; SemrushBot/7~bl; +http://www.semrush.com/bot.html)"
216.73.216.126 - - [12/Mar/2026:18:19:51 +0000] "GET /item/4848794 HTTP/2" 500 981 "-" "Mozilla/5.0 AppleWebKit/537.36 (KHTML, like Gecko; compatible; ClaudeBot/1.0; +claudebot@anthropic.com)"
216.73.216.126 - - [12/Mar/2026:18:19:56 +0000] "GET /item/4536556 HTTP/2" 500 981 "-" "Mozilla/5.0 AppleWebKit/537.36 (KHTML, like Gecko; compatible; ClaudeBot/1.0; +claudebot@anthropic.com)"
216.73.216.126 - - [12/Mar/2026:18:20:01 +0000] "GET /item/2651923 HTTP/2" 500 981 "-" "Mozilla/5.0 AppleWebKit/537.36 (KHTML, like Gecko; compatible; ClaudeBot/1.0; +claudebot@anthropic.com)"
52.167.144.203 - - [12/Mar/2026:18:20:03 +0000] "GET /item/5025536 HTTP/2" 200 23447 "-" "Mozilla/5.0 AppleWebKit/537.36 (KHTML, like Gecko; compatible; bingbot/2.0; +http://www.bing.com/bingbot.htm) Chrome/116.0.1938.76 Safari/537.36"
216.73.216.126 - - [12/Mar/2026:18:20:06 +0000] "GET /item/3738398 HTTP/2" 500 981 "-" "Mozilla/5.0 AppleWebKit/537.36 (KHTML, like Gecko; compatible; ClaudeBot/1.0; +claudebot@anthropic.com)"
216.73.216.126 - - [12/Mar/2026:18:20:11 +0000] "GET /item/4046361 HTTP/2" 500 981 "-" "Mozilla/5.0 AppleWebKit/537.36 (KHTML, like Gecko; compatible; ClaudeBot/1.0; +claudebot@anthropic.com)"
216.73.216.126 - - [12/Mar/2026:18:20:16 +0000] "GET /item/3405027 HTTP/2" 500 981 "-" "Mozilla/5.0 AppleWebKit/537.36 (KHTML, like Gecko; compatible; ClaudeBot/1.0; +claudebot@anthropic.com)"
216.73.216.126 - - [12/Mar/2026:18:20:21 +0000] "GET /item/3711780 HTTP/2" 500 981 "-" "Mozilla/5.0 AppleWebKit/537.36 (KHTML, like Gecko; compatible; ClaudeBot/1.0; +claudebot@anthropic.com)"
216.73.216.126 - - [12/Mar/2026:18:20:26 +0000] "GET /item/3467309 HTTP/2" 500 981 "-" "Mozilla/5.0 AppleWebKit/537.36 (KHTML, like Gecko; compatible; ClaudeBot/1.0; +claudebot@anthropic.com)"
74.7.227.163 - - [12/Mar/2026:18:20:34 +0000] "GET /item/5122939 HTTP/2" 500 981 "https://km104.com/sitemap-5.xml" "Mozilla/5.0 AppleWebKit/537.36 (KHTML, like Gecko; compatible; GPTBot/1.3; +https://openai.com/gptbot)"
216.73.216.126 - - [12/Mar/2026:18:20:57 +0000] "GET /item/3518748 HTTP/2" 500 981 "-" "Mozilla/5.0 AppleWebKit/537.36 (KHTML, like Gecko; compatible; ClaudeBot/1.0; +claudebot@anthropic.com)"
216.73.216.126 - - [12/Mar/2026:18:21:01 +0000] "GET /item/4682820 HTTP/2" 500 981 "-" "Mozilla/5.0 AppleWebKit/537.36 (KHTML, like Gecko; compatible; ClaudeBot/1.0; +claudebot@anthropic.com)"
216.73.216.126 - - [12/Mar/2026:18:21:06 +0000] "GET /item/3839438 HTTP/2" 500 981 "-" "Mozilla/5.0 AppleWebKit/537.36 (KHTML, like Gecko; compatible; ClaudeBot/1.0; +claudebot@anthropic.com)"
216.73.216.126 - - [12/Mar/2026:18:21:12 +0000] "GET /item/4680851 HTTP/2" 500 981 "-" "Mozilla/5.0 AppleWebKit/537.36 (KHTML, like Gecko; compatible; ClaudeBot/1.0; +claudebot@anthropic.com)"
216.73.216.126 - - [12/Mar/2026:18:21:16 +0000] "GET /item/3881718 HTTP/2" 500 981 "-" "Mozilla/5.0 AppleWebKit/537.36 (KHTML, like Gecko; compatible; ClaudeBot/1.0; +claudebot@anthropic.com)"
216.73.216.126 - - [12/Mar/2026:18:21:21 +0000] "GET /item/4162139 HTTP/2" 500 981 "-" "Mozilla/5.0 AppleWebKit/537.36 (KHTML, like Gecko; compatible; ClaudeBot/1.0; +claudebot@anthropic.com)"
216.73.216.126 - - [12/Mar/2026:18:21:26 +0000] "GET /item/4023370 HTTP/2" 500 981 "-" "Mozilla/5.0 AppleWebKit/537.36 (KHTML, like Gecko; compatible; ClaudeBot/1.0; +claudebot@anthropic.com)"
185.191.171.15 - - [12/Mar/2026:18:21:29 +0000] "GET /item/3402815 HTTP/1.1" 500 277 "-" "Mozilla/5.0 (compatible; SemrushBot/7~bl; +http://www.semrush.com/bot.html)"
216.73.216.126 - - [12/Mar/2026:18:21:31 +0000] "GET /item/3796767 HTTP/2" 500 981 "-" "Mozilla/5.0 AppleWebKit/537.36 (KHTML, like Gecko; compatible; ClaudeBot/1.0; +claudebot@anthropic.com)"
216.73.216.126 - - [12/Mar/2026:18:21:36 +0000] "GET /item/5244068 HTTP/2" 500 981 "-" "Mozilla/5.0 AppleWebKit/537.36 (KHTML, like Gecko; compatible; ClaudeBot/1.0; +claudebot@anthropic.com)"
216.73.216.126 - - [12/Mar/2026:18:21:41 +0000] "GET /item/2429182 HTTP/2" 500 981 "-" "Mozilla/5.0 AppleWebKit/537.36 (KHTML, like Gecko; compatible; ClaudeBot/1.0; +claudebot@anthropic.com)"
216.73.216.126 - - [12/Mar/2026:18:21:46 +0000] "GET /item/3748678 HTTP/2" 500 981 "-" "Mozilla/5.0 AppleWebKit/537.36 (KHTML, like Gecko; compatible; ClaudeBot/1.0; +claudebot@anthropic.com)"
216.73.216.126 - - [12/Mar/2026:18:21:58 +0000] "GET /item/4111993 HTTP/2" 500 981 "-" "Mozilla/5.0 AppleWebKit/537.36 (KHTML, like Gecko; compatible; ClaudeBot/1.0; +claudebot@anthropic.com)"
216.73.216.126 - - [12/Mar/2026:18:22:03 +0000] "GET /item/4913038 HTTP/2" 500 981 "-" "Mozilla/5.0 AppleWebKit/537.36 (KHTML, like Gecko; compatible; ClaudeBot/1.0; +claudebot@anthropic.com)"
216.73.216.126 - - [12/Mar/2026:18:22:08 +0000] "GET /item/4052488 HTTP/2" 500 981 "-" "Mozilla/5.0 AppleWebKit/537.36 (KHTML, like Gecko; compatible; ClaudeBot/1.0; +claudebot@anthropic.com)"
216.73.216.126 - - [12/Mar/2026:18:22:13 +0000] "GET /item/2718903 HTTP/2" 500 981 "-" "Mozilla/5.0 AppleWebKit/537.36 (KHTML, like Gecko; compatible; ClaudeBot/1.0; +claudebot@anthropic.com)"
216.73.216.126 - - [12/Mar/2026:18:22:18 +0000] "GET /item/3776431 HTTP/2" 500 981 "-" "Mozilla/5.0 AppleWebKit/537.36 (KHTML, like Gecko; compatible; ClaudeBot/1.0; +claudebot@anthropic.com)"
216.73.216.126 - - [12/Mar/2026:18:22:23 +0000] "GET /item/4758350 HTTP/2" 500 981 "-" "Mozilla/5.0 AppleWebKit/537.36 (KHTML, like Gecko; compatible; ClaudeBot/1.0; +claudebot@anthropic.com)"
216.73.216.126 - - [12/Mar/2026:18:22:28 +0000] "GET /item/2669800 HTTP/2" 500 981 "-" "Mozilla/5.0 AppleWebKit/537.36 (KHTML, like Gecko; compatible; ClaudeBot/1.0; +claudebot@anthropic.com)"
185.191.171.12 - - [12/Mar/2026:18:22:30 +0000] "GET /item/2658608 HTTP/1.1" 500 277 "-" "Mozilla/5.0 (compatible; SemrushBot/7~bl; +http://www.semrush.com/bot.html)"
216.73.216.126 - - [12/Mar/2026:18:20:31 +0000] "GET /item/4955208 HTTP/2" 500 981 "-" "Mozilla/5.0 AppleWebKit/537.36 (KHTML, like Gecko; compatible; ClaudeBot/1.0; +claudebot@anthropic.com)"
216.73.216.126 - - [12/Mar/2026:18:20:36 +0000] "GET /item/4162097 HTTP/2" 500 981 "-" "Mozilla/5.0 AppleWebKit/537.36 (KHTML, like Gecko; compatible; ClaudeBot/1.0; +claudebot@anthropic.com)"
216.73.216.126 - - [12/Mar/2026:18:20:41 +0000] "GET /item/3614458 HTTP/2" 500 981 "-" "Mozilla/5.0 AppleWebKit/537.36 (KHTML, like Gecko; compatible; ClaudeBot/1.0; +claudebot@anthropic.com)"
216.73.216.126 - - [12/Mar/2026:18:20:46 +0000] "GET /item/2997278 HTTP/2" 500 981 "-" "Mozilla/5.0 AppleWebKit/537.36 (KHTML, like Gecko; compatible; ClaudeBot/1.0; +claudebot@anthropic.com)"
216.73.216.126 - - [12/Mar/2026:18:20:51 +0000] "GET /item/3150180 HTTP/2" 500 981 "-" "Mozilla/5.0 AppleWebKit/537.36 (KHTML, like Gecko; compatible; ClaudeBot/1.0; +claudebot@anthropic.com)"
74.7.227.163 - - [12/Mar/2026:18:22:39 +0000] "GET /item/4587573 HTTP/2" 500 981 "https://km104.com/sitemap-7.xml" "Mozilla/5.0 AppleWebKit/537.36 (KHTML, like Gecko; compatible; GPTBot/1.3; +https://openai.com/gptbot)"
216.73.216.126 - - [12/Mar/2026:18:23:12 +0000] "GET /item/4133962 HTTP/2" 500 981 "-" "Mozilla/5.0 AppleWebKit/537.36 (KHTML, like Gecko; compatible; ClaudeBot/1.0; +claudebot@anthropic.com)"
216.73.216.126 - - [12/Mar/2026:18:23:17 +0000] "GET /item/3603745 HTTP/2" 500 981 "-" "Mozilla/5.0 AppleWebKit/537.36 (KHTML, like Gecko; compatible; ClaudeBot/1.0; +claudebot@anthropic.com)"
216.73.216.126 - - [12/Mar/2026:18:23:22 +0000] "GET /item/4763587 HTTP/2" 500 981 "-" "Mozilla/5.0 AppleWebKit/537.36 (KHTML, like Gecko; compatible; ClaudeBot/1.0; +claudebot@anthropic.com)"
216.73.216.126 - - [12/Mar/2026:18:23:27 +0000] "GET /item/2510482 HTTP/2" 500 981 "-" "Mozilla/5.0 AppleWebKit/537.36 (KHTML, like Gecko; compatible; ClaudeBot/1.0; +claudebot@anthropic.com)"
85.208.96.204 - - [12/Mar/2026:18:23:30 +0000] "GET /item/3347549 HTTP/1.1" 500 277 "-" "Mozilla/5.0 (compatible; SemrushBot/7~bl; +http://www.semrush.com/bot.html)"
216.73.216.126 - - [12/Mar/2026:18:23:32 +0000] "GET /item/3569440 HTTP/2" 500 981 "-" "Mozilla/5.0 AppleWebKit/537.36 (KHTML, like Gecko; compatible; ClaudeBot/1.0; +claudebot@anthropic.com)"
216.73.216.126 - - [12/Mar/2026:18:23:37 +0000] "GET /item/5138906 HTTP/2" 500 981 "-" "Mozilla/5.0 AppleWebKit/537.36 (KHTML, like Gecko; compatible; ClaudeBot/1.0; +claudebot@anthropic.com)"
40.77.167.47 - - [12/Mar/2026:18:23:42 +0000] "GET /item/3636514 HTTP/2" 200 22711 "-" "Mozilla/5.0 AppleWebKit/537.36 (KHTML, like Gecko; compatible; bingbot/2.0; +http://www.bing.com/bingbot.htm) Chrome/116.0.1938.76 Safari/537.36"
216.73.216.126 - - [12/Mar/2026:18:23:42 +0000] "GET /item/5221923 HTTP/2" 500 981 "-" "Mozilla/5.0 AppleWebKit/537.36 (KHTML, like Gecko; compatible; ClaudeBot/1.0; +claudebot@anthropic.com)"
216.73.216.126 - - [12/Mar/2026:18:23:48 +0000] "GET /item/3124469 HTTP/2" 500 981 "-" "Mozilla/5.0 AppleWebKit/537.36 (KHTML, like Gecko; compatible; ClaudeBot/1.0; +claudebot@anthropic.com)"
216.73.216.126 - - [12/Mar/2026:18:23:52 +0000] "GET /item/4711441 HTTP/2" 500 981 "-" "Mozilla/5.0 AppleWebKit/537.36 (KHTML, like Gecko; compatible; ClaudeBot/1.0; +claudebot@anthropic.com)"
40.77.167.13 - - [12/Mar/2026:18:23:54 +0000] "GET /item/3419475 HTTP/2" 200 23969 "-" "Mozilla/5.0 AppleWebKit/537.36 (KHTML, like Gecko; compatible; bingbot/2.0; +http://www.bing.com/bingbot.htm) Chrome/116.0.1938.76 Safari/537.36"
40.77.167.13 - - [12/Mar/2026:18:23:54 +0000] "GET /item/3609401 HTTP/2" 200 26328 "-" "Mozilla/5.0 AppleWebKit/537.36 (KHTML, like Gecko; compatible; bingbot/2.0; +http://www.bing.com/bingbot.htm) Chrome/116.0.1938.76 Safari/537.36"
216.73.216.126 - - [12/Mar/2026:18:23:57 +0000] "GET /item/3788292 HTTP/2" 500 981 "-" "Mozilla/5.0 AppleWebKit/537.36 (KHTML, like Gecko; compatible; ClaudeBot/1.0; +claudebot@anthropic.com)"
216.73.216.126 - - [12/Mar/2026:18:22:33 +0000] "GET /item/3530073 HTTP/2" 500 981 "-" "Mozilla/5.0 AppleWebKit/537.36 (KHTML, like Gecko; compatible; ClaudeBot/1.0; +claudebot@anthropic.com)"
216.73.216.126 - - [12/Mar/2026:18:22:38 +0000] "GET /item/5359020 HTTP/2" 500 981 "-" "Mozilla/5.0 AppleWebKit/537.36 (KHTML, like Gecko; compatible; ClaudeBot/1.0; +claudebot@anthropic.com)"
216.73.216.126 - - [12/Mar/2026:18:22:43 +0000] "GET /item/4315574 HTTP/2" 500 981 "-" "Mozilla/5.0 AppleWebKit/537.36 (KHTML, like Gecko; compatible; ClaudeBot/1.0; +claudebot@anthropic.com)"
216.73.216.126 - - [12/Mar/2026:18:22:48 +0000] "GET /item/3682623 HTTP/2" 500 981 "-" "Mozilla/5.0 AppleWebKit/537.36 (KHTML, like Gecko; compatible; ClaudeBot/1.0; +claudebot@anthropic.com)"
216.73.216.126 - - [12/Mar/2026:18:22:53 +0000] "GET /item/4251184 HTTP/2" 500 981 "-" "Mozilla/5.0 AppleWebKit/537.36 (KHTML, like Gecko; compatible; ClaudeBot/1.0; +claudebot@anthropic.com)"
40.77.167.57 - - [12/Mar/2026:18:23:47 +0000] "GET /item/2597085 HTTP/2" 200 23245 "-" "Mozilla/5.0 AppleWebKit/537.36 (KHTML, like Gecko; compatible; bingbot/2.0; +http://www.bing.com/bingbot.htm) Chrome/116.0.1938.76 Safari/537.36"
52.167.144.203 - - [12/Mar/2026:18:23:55 +0000] "GET /item/2499767 HTTP/2" 200 23356 "-" "Mozilla/5.0 AppleWebKit/537.36 (KHTML, like Gecko; compatible; bingbot/2.0; +http://www.bing.com/bingbot.htm) Chrome/116.0.1938.76 Safari/537.36"
74.7.227.163 - - [12/Mar/2026:18:24:10 +0000] "GET /item/3728675 HTTP/2" 500 981 "https://km104.com/sitemap-524.xml" "Mozilla/5.0 AppleWebKit/537.36 (KHTML, like Gecko; compatible; GPTBot/1.3; +https://openai.com/gptbot)"
216.73.216.126 - - [12/Mar/2026:18:24:53 +0000] "GET /item/2461519 HTTP/2" 500 981 "-" "Mozilla/5.0 AppleWebKit/537.36 (KHTML, like Gecko; compatible; ClaudeBot/1.0; +claudebot@anthropic.com)"
216.73.216.126 - - [12/Mar/2026:18:24:58 +0000] "GET /item/4160467 HTTP/2" 500 981 "-" "Mozilla/5.0 AppleWebKit/537.36 (KHTML, like Gecko; compatible; ClaudeBot/1.0; +claudebot@anthropic.com)"
216.73.216.126 - - [12/Mar/2026:18:25:03 +0000] "GET /item/2488591 HTTP/2" 500 981 "-" "Mozilla/5.0 AppleWebKit/537.36 (KHTML, like Gecko; compatible; ClaudeBot/1.0; +claudebot@anthropic.com)"
216.73.216.126 - - [12/Mar/2026:18:25:08 +0000] "GET /item/5006558 HTTP/2" 500 981 "-" "Mozilla/5.0 AppleWebKit/537.36 (KHTML, like Gecko; compatible; ClaudeBot/1.0; +claudebot@anthropic.com)"
216.73.216.126 - - [12/Mar/2026:18:25:13 +0000] "GET /item/3106676 HTTP/2" 500 981 "-" "Mozilla/5.0 AppleWebKit/537.36 (KHTML, like Gecko; compatible; ClaudeBot/1.0; +claudebot@anthropic.com)"
216.73.216.126 - - [12/Mar/2026:18:25:18 +0000] "GET /item/3087847 HTTP/2" 500 981 "-" "Mozilla/5.0 AppleWebKit/537.36 (KHTML, like Gecko; compatible; ClaudeBot/1.0; +claudebot@anthropic.com)"
216.73.216.126 - - [12/Mar/2026:18:25:23 +0000] "GET /item/4695666 HTTP/2" 500 981 "-" "Mozilla/5.0 AppleWebKit/537.36 (KHTML, like Gecko; compatible; ClaudeBot/1.0; +claudebot@anthropic.com)"
216.73.216.126 - - [12/Mar/2026:18:25:28 +0000] "GET /item/3790269 HTTP/2" 500 981 "-" "Mozilla/5.0 AppleWebKit/537.36 (KHTML, like Gecko; compatible; ClaudeBot/1.0; +claudebot@anthropic.com)"
216.73.216.126 - - [12/Mar/2026:18:25:33 +0000] "GET /item/3106813 HTTP/2" 500 981 "-" "Mozilla/5.0 AppleWebKit/537.36 (KHTML, like Gecko; compatible; ClaudeBot/1.0; +claudebot@anthropic.com)"
216.73.216.126 - - [12/Mar/2026:18:25:38 +0000] "GET /item/2784880 HTTP/2" 500 981 "-" "Mozilla/5.0 AppleWebKit/537.36 (KHTML, like Gecko; compatible; ClaudeBot/1.0; +claudebot@anthropic.com)"
216.73.216.126 - - [12/Mar/2026:18:25:43 +0000] "GET /item/2685859 HTTP/2" 500 981 "-" "Mozilla/5.0 AppleWebKit/537.36 (KHTML, like Gecko; compatible; ClaudeBot/1.0; +claudebot@anthropic.com)"
216.73.216.126 - - [12/Mar/2026:18:25:48 +0000] "GET /item/4550510 HTTP/2" 500 981 "-" "Mozilla/5.0 AppleWebKit/537.36 (KHTML, like Gecko; compatible; ClaudeBot/1.0; +claudebot@anthropic.com)"
216.73.216.126 - - [12/Mar/2026:18:25:53 +0000] "GET /item/4546363 HTTP/2" 500 981 "-" "Mozilla/5.0 AppleWebKit/537.36 (KHTML, like Gecko; compatible; ClaudeBot/1.0; +claudebot@anthropic.com)"
216.73.216.126 - - [12/Mar/2026:18:25:58 +0000] "GET /item/4114968 HTTP/2" 500 981 "-" "Mozilla/5.0 AppleWebKit/537.36 (KHTML, like Gecko; compatible; ClaudeBot/1.0; +claudebot@anthropic.com)"
216.73.216.126 - - [12/Mar/2026:18:26:03 +0000] "GET /item/2601338 HTTP/2" 500 981 "-" "Mozilla/5.0 AppleWebKit/537.36 (KHTML, like Gecko; compatible; ClaudeBot/1.0; +claudebot@anthropic.com)"
216.73.216.126 - - [12/Mar/2026:18:26:08 +0000] "GET /item/4488739 HTTP/2" 500 981 "-" "Mozilla/5.0 AppleWebKit/537.36 (KHTML, like Gecko; compatible; ClaudeBot/1.0; +claudebot@anthropic.com)"
216.73.216.126 - - [12/Mar/2026:18:26:14 +0000] "GET /item/2677995 HTTP/2" 500 981 "-" "Mozilla/5.0 AppleWebKit/537.36 (KHTML, like Gecko; compatible; ClaudeBot/1.0; +claudebot@anthropic.com)"
216.73.216.126 - - [12/Mar/2026:18:26:18 +0000] "GET /item/4507688 HTTP/2" 500 981 "-" "Mozilla/5.0 AppleWebKit/537.36 (KHTML, like Gecko; compatible; ClaudeBot/1.0; +claudebot@anthropic.com)"
216.73.216.126 - - [12/Mar/2026:18:26:23 +0000] "GET /item/3042436 HTTP/2" 500 981 "-" "Mozilla/5.0 AppleWebKit/537.36 (KHTML, like Gecko; compatible; ClaudeBot/1.0; +claudebot@anthropic.com)"
216.73.216.126 - - [12/Mar/2026:18:26:28 +0000] "GET /item/4806894 HTTP/2" 500 981 "-" "Mozilla/5.0 AppleWebKit/537.36 (KHTML, like Gecko; compatible; ClaudeBot/1.0; +claudebot@anthropic.com)"
216.73.216.126 - - [12/Mar/2026:18:26:33 +0000] "GET /item/2485529 HTTP/2" 500 981 "-" "Mozilla/5.0 AppleWebKit/537.36 (KHTML, like Gecko; compatible; ClaudeBot/1.0; +claudebot@anthropic.com)"
216.73.216.126 - - [12/Mar/2026:18:26:38 +0000] "GET /item/5383581 HTTP/2" 500 981 "-" "Mozilla/5.0 AppleWebKit/537.36 (KHTML, like Gecko; compatible; ClaudeBot/1.0; +claudebot@anthropic.com)"
216.73.216.126 - - [12/Mar/2026:18:26:43 +0000] "GET /item/2614717 HTTP/2" 500 981 "-" "Mozilla/5.0 AppleWebKit/537.36 (KHTML, like Gecko; compatible; ClaudeBot/1.0; +claudebot@anthropic.com)"
216.73.216.126 - - [12/Mar/2026:18:26:48 +0000] "GET /item/2594008 HTTP/2" 500 981 "-" "Mozilla/5.0 AppleWebKit/537.36 (KHTML, like Gecko; compatible; ClaudeBot/1.0; +claudebot@anthropic.com)"
216.73.216.126 - - [12/Mar/2026:18:26:53 +0000] "GET /item/4901268 HTTP/2" 500 981 "-" "Mozilla/5.0 AppleWebKit/537.36 (KHTML, like Gecko; compatible; ClaudeBot/1.0; +claudebot@anthropic.com)"
216.73.216.126 - - [12/Mar/2026:18:26:58 +0000] "GET /item/2578326 HTTP/2" 500 981 "-" "Mozilla/5.0 AppleWebKit/537.36 (KHTML, like Gecko; compatible; ClaudeBot/1.0; +claudebot@anthropic.com)"
216.73.216.126 - - [12/Mar/2026:18:27:03 +0000] "GET /item/3862943 HTTP/2" 500 981 "-" "Mozilla/5.0 AppleWebKit/537.36 (KHTML, like Gecko; compatible; ClaudeBot/1.0; +claudebot@anthropic.com)"
216.73.216.126 - - [12/Mar/2026:18:27:08 +0000] "GET /item/4431226 HTTP/2" 500 981 "-" "Mozilla/5.0 AppleWebKit/537.36 (KHTML, like Gecko; compatible; ClaudeBot/1.0; +claudebot@anthropic.com)"
216.73.216.126 - - [12/Mar/2026:18:27:13 +0000] "GET /item/3174313 HTTP/2" 500 981 "-" "Mozilla/5.0 AppleWebKit/537.36 (KHTML, like Gecko; compatible; ClaudeBot/1.0; +claudebot@anthropic.com)"
74.7.227.163 - - [12/Mar/2026:18:27:17 +0000] "GET /item/4051767 HTTP/2" 500 981 "https://km104.com/sitemap-5.xml" "Mozilla/5.0 AppleWebKit/537.36 (KHTML, like Gecko; compatible; GPTBot/1.3; +https://openai.com/gptbot)"
216.73.216.126 - - [12/Mar/2026:18:27:18 +0000] "GET /item/4045413 HTTP/2" 500 981 "-" "Mozilla/5.0 AppleWebKit/537.36 (KHTML, like Gecko; compatible; ClaudeBot/1.0; +claudebot@anthropic.com)"
216.73.216.126 - - [12/Mar/2026:18:27:23 +0000] "GET /item/4854382 HTTP/2" 500 981 "-" "Mozilla/5.0 AppleWebKit/537.36 (KHTML, like Gecko; compatible; ClaudeBot/1.0; +claudebot@anthropic.com)"
216.73.216.126 - - [12/Mar/2026:18:27:28 +0000] "GET /item/4556507 HTTP/2" 500 981 "-" "Mozilla/5.0 AppleWebKit/537.36 (KHTML, like Gecko; compatible; ClaudeBot/1.0; +claudebot@anthropic.com)"
85.208.96.198 - - [12/Mar/2026:18:27:33 +0000] "GET /item/2511644 HTTP/1.1" 500 277 "-" "Mozilla/5.0 (compatible; SemrushBot/7~bl; +http://www.semrush.com/bot.html)"
216.73.216.126 - - [12/Mar/2026:18:27:33 +0000] "GET /item/3477426 HTTP/2" 500 981 "-" "Mozilla/5.0 AppleWebKit/537.36 (KHTML, like Gecko; compatible; ClaudeBot/1.0; +claudebot@anthropic.com)"
144.76.32.238 - - [12/Mar/2026:18:27:35 +0000] "GET /item/3481679 HTTP/1.1" 500 1148 "-" "Mozilla/5.0 (compatible; SERankingBacklinksBot/1.0; +https://seranking.com/backlinks-crawler)"
216.73.216.126 - - [12/Mar/2026:18:27:38 +0000] "GET /item/4857584 HTTP/2" 500 981 "-" "Mozilla/5.0 AppleWebKit/537.36 (KHTML, like Gecko; compatible; ClaudeBot/1.0; +claudebot@anthropic.com)"
216.73.216.126 - - [12/Mar/2026:18:27:43 +0000] "GET /item/2648602 HTTP/2" 500 981 "-" "Mozilla/5.0 AppleWebKit/537.36 (KHTML, like Gecko; compatible; ClaudeBot/1.0; +claudebot@anthropic.com)"
216.73.216.126 - - [12/Mar/2026:18:27:48 +0000] "GET /item/2684191 HTTP/2" 500 981 "-" "Mozilla/5.0 AppleWebKit/537.36 (KHTML, like Gecko; compatible; ClaudeBot/1.0; +claudebot@anthropic.com)"
216.73.216.126 - - [12/Mar/2026:18:27:53 +0000] "GET /item/4394391 HTTP/2" 500 981 "-" "Mozilla/5.0 AppleWebKit/537.36 (KHTML, like Gecko; compatible; ClaudeBot/1.0; +claudebot@anthropic.com)"
216.73.216.126 - - [12/Mar/2026:18:27:58 +0000] "GET /item/2735165 HTTP/2" 500 981 "-" "Mozilla/5.0 AppleWebKit/537.36 (KHTML, like Gecko; compatible; ClaudeBot/1.0; +claudebot@anthropic.com)"
216.73.216.126 - - [12/Mar/2026:18:28:03 +0000] "GET /item/4462094 HTTP/2" 500 981 "-" "Mozilla/5.0 AppleWebKit/537.36 (KHTML, like Gecko; compatible; ClaudeBot/1.0; +claudebot@anthropic.com)"
216.73.216.126 - - [12/Mar/2026:18:28:08 +0000] "GET /item/5011043 HTTP/2" 500 981 "-" "Mozilla/5.0 AppleWebKit/537.36 (KHTML, like Gecko; compatible; ClaudeBot/1.0; +claudebot@anthropic.com)"
66.249.79.67 - - [12/Mar/2026:18:28:09 +0000] "GET /robots.txt HTTP/1.1" 200 244 "-" "Mozilla/5.0 (compatible; Googlebot/2.1; +http://www.google.com/bot.html)"
216.73.216.126 - - [12/Mar/2026:18:28:13 +0000] "GET /item/5283127 HTTP/2" 500 981 "-" "Mozilla/5.0 AppleWebKit/537.36 (KHTML, like Gecko; compatible; ClaudeBot/1.0; +claudebot@anthropic.com)"
216.73.216.126 - - [12/Mar/2026:18:28:18 +0000] "GET /item/2428842 HTTP/2" 500 981 "-" "Mozilla/5.0 AppleWebKit/537.36 (KHTML, like Gecko; compatible; ClaudeBot/1.0; +claudebot@anthropic.com)"
216.73.216.126 - - [12/Mar/2026:18:28:23 +0000] "GET /item/3198738 HTTP/2" 500 981 "-" "Mozilla/5.0 AppleWebKit/537.36 (KHTML, like Gecko; compatible; ClaudeBot/1.0; +claudebot@anthropic.com)"
216.73.216.126 - - [12/Mar/2026:18:28:28 +0000] "GET /item/2765814 HTTP/2" 500 981 "-" "Mozilla/5.0 AppleWebKit/537.36 (KHTML, like Gecko; compatible; ClaudeBot/1.0; +claudebot@anthropic.com)"
216.73.216.126 - - [12/Mar/2026:18:28:33 +0000] "GET /item/4814460 HTTP/2" 500 981 "-" "Mozilla/5.0 AppleWebKit/537.36 (KHTML, like Gecko; compatible; ClaudeBot/1.0; +claudebot@anthropic.com)"
216.73.216.126 - - [12/Mar/2026:18:28:38 +0000] "GET /item/4783834 HTTP/2" 500 981 "-" "Mozilla/5.0 AppleWebKit/537.36 (KHTML, like Gecko; compatible; ClaudeBot/1.0; +claudebot@anthropic.com)"
216.73.216.126 - - [12/Mar/2026:18:28:43 +0000] "GET /item/4875538 HTTP/2" 500 981 "-" "Mozilla/5.0 AppleWebKit/537.36 (KHTML, like Gecko; compatible; ClaudeBot/1.0; +claudebot@anthropic.com)"
216.73.216.126 - - [12/Mar/2026:18:28:48 +0000] "GET /item/3272156 HTTP/2" 500 981 "-" "Mozilla/5.0 AppleWebKit/537.36 (KHTML, like Gecko; compatible; ClaudeBot/1.0; +claudebot@anthropic.com)"
216.73.216.126 - - [12/Mar/2026:18:28:53 +0000] "GET /item/3052495 HTTP/2" 500 981 "-" "Mozilla/5.0 AppleWebKit/537.36 (KHTML, like Gecko; compatible; ClaudeBot/1.0; +claudebot@anthropic.com)"
52.167.144.203 - - [12/Mar/2026:18:28:56 +0000] "GET /item/3711221 HTTP/2" 200 23385 "-" "Mozilla/5.0 AppleWebKit/537.36 (KHTML, like Gecko; compatible; bingbot/2.0; +http://www.bing.com/bingbot.htm) Chrome/116.0.1938.76 Safari/537.36"
216.73.216.126 - - [12/Mar/2026:18:24:02 +0000] "GET /item/3446186 HTTP/2" 500 981 "-" "Mozilla/5.0 AppleWebKit/537.36 (KHTML, like Gecko; compatible; ClaudeBot/1.0; +claudebot@anthropic.com)"
52.167.144.219 - - [12/Mar/2026:18:24:03 +0000] "GET /item/2817994 HTTP/2" 200 22878 "-" "Mozilla/5.0 AppleWebKit/537.36 (KHTML, like Gecko; compatible; bingbot/2.0; +http://www.bing.com/bingbot.htm) Chrome/116.0.1938.76 Safari/537.36"
216.73.216.126 - - [12/Mar/2026:18:24:07 +0000] "GET /item/2574086 HTTP/2" 500 981 "-" "Mozilla/5.0 AppleWebKit/537.36 (KHTML, like Gecko; compatible; ClaudeBot/1.0; +claudebot@anthropic.com)"
216.73.216.126 - - [12/Mar/2026:18:24:12 +0000] "GET /item/3988361 HTTP/2" 500 981 "-" "Mozilla/5.0 AppleWebKit/537.36 (KHTML, like Gecko; compatible; ClaudeBot/1.0; +claudebot@anthropic.com)"
216.73.216.126 - - [12/Mar/2026:18:24:18 +0000] "GET /item/4853875 HTTP/2" 500 981 "-" "Mozilla/5.0 AppleWebKit/537.36 (KHTML, like Gecko; compatible; ClaudeBot/1.0; +claudebot@anthropic.com)"
216.73.216.126 - - [12/Mar/2026:18:24:22 +0000] "GET /item/3482413 HTTP/2" 500 981 "-" "Mozilla/5.0 AppleWebKit/537.36 (KHTML, like Gecko; compatible; ClaudeBot/1.0; +claudebot@anthropic.com)"
216.73.216.126 - - [12/Mar/2026:18:24:27 +0000] "GET /item/5363985 HTTP/2" 500 981 "-" "Mozilla/5.0 AppleWebKit/537.36 (KHTML, like Gecko; compatible; ClaudeBot/1.0; +claudebot@anthropic.com)"
85.208.96.194 - - [12/Mar/2026:18:24:31 +0000] "GET /item/4932696 HTTP/1.1" 500 277 "-" "Mozilla/5.0 (compatible; SemrushBot/7~bl; +http://www.semrush.com/bot.html)"
216.73.216.126 - - [12/Mar/2026:18:24:33 +0000] "GET /item/4188511 HTTP/2" 500 981 "-" "Mozilla/5.0 AppleWebKit/537.36 (KHTML, like Gecko; compatible; ClaudeBot/1.0; +claudebot@anthropic.com)"
216.73.216.126 - - [12/Mar/2026:18:24:38 +0000] "GET /item/2907833 HTTP/2" 500 981 "-" "Mozilla/5.0 AppleWebKit/537.36 (KHTML, like Gecko; compatible; ClaudeBot/1.0; +claudebot@anthropic.com)"
